000
CXUS53 KLOT 010800
CF6UGN
PRELIMINARY LOCAL CLIMATOLOGICAL DATA (WS FORM: F-6)
STATION: WAUKEGAN IL
MONTH: OCTOBER
YEAR: 2023
LATITUDE: 42 25 N
LONGITUDE: 87 52 W
TEMPERATURE IN F: :PCPN: SNOW: WIND :SUNSHINE: SKY :PK WND
================================================================================
1 2 3 4 5 6A 6B 7 8 9 10 11 12 13 14 15 16 17 18
12Z AVG MX 2MIN
DY MAX MIN AVG DEP HDD CDD WTR SNW DPTH SPD SPD DIR MIN PSBL S-S WX SPD DR
================================================================================
1 82 61 72 15 0 7 0.00 M M 2.7 10 120 M M 0 1 13 110
2 83 60 72 15 0 7 0.00 M M 5.1 12 130 M M 0 18 17 220
3 83 59 71 14 0 6 0.00 M M 6.5 14 190 M M 0 20 180
4 83 70 77 21 0 12 T M M 12.6 24 220 M M 4 36 210
5 72 55 64 8 1 0 0.00 M M 4.7 13 240 M M 3 19 210
6 60 46 53 -3 12 0 0.07 M M 9.4 18 250 M M 4 28 300
7 60 44 52 -3 13 0 0.00 M M 8.6 18 310 M M 1 35 320
8 57 43 50 -5 15 0 0.00 M M 5.4 10 300 M M 3 17 280
9 57 38 48 -6 17 0 0.00 M M 7.3 16 280 M M 3 26 290
10 62 41 52 -2 13 0 0.00 M M 6.0 16 260 M M 8 24 270
11 67 41 54 0 11 0 0.13 M M 5.6 15 210 M M 2 1 17 210
12 60 53 57 4 8 0 0.02 M M 12.5 21 80 M M 10 18 33 90
13 59 55 57 4 8 0 1.07 M M 15.2 22 70 M M 10 1 36 100
14 56 48 52 0 13 0 1.42 M M 14.6 26 60 M M 10 1 43 70
15 59 43 51 -1 14 0 0.06 M M 8.0 15 350 M M 6 1 24 360
16 54 38 46 -6 19 0 0.00 M M 5.8 13 340 M M 7 1 21 320
17 63 36 50 -2 15 0 0.00 M M 4.8 15 250 M M 1 1 21 240
18 69 43 56 5 9 0 0.14 M M 9.8 23 190 M M 4 29 170
19 59 50 55 4 10 0 0.06 M M 7.3 15 200 M M 8 1 20 200
20 60 42 51 1 14 0 0.00 M M 6.9 16 310 M M 5 28 290
21 62 40 51 1 14 0 0.06 M M 8.3 18 340 M M 8 1 28 320
22 56 39 48 -2 17 0 0.00 M M 4.1 10 340 M M 2 17 320
23 64 41 53 4 12 0 0.00 M M 10.0 20 220 M M 0 27 210
24 81 59 70 21 0 5 0.00 M M 14.7 26 220 M M 2 41 240
25 69 61 65 17 0 0 M M M 8.7 20 210 M M 10 128 27 210
26 69 63 66 18 0 1 0.17 M M 12.6 20 200 M M 10 1 29 220
27 73 42 58 10 7 0 0.00 M M 13.1 21 260 M M 10 18 30 250
28 50 37 44 -3 21 0 0.00 M M 7.4 14 10 M M 6 24 320
29 46 38 42 -5 23 0 T M M 9.2 16 360 M M 10 23 340
30 42 25 34 -12 31 0 0.00 M M 8.2 17 260 M M 1 26 300
31 37 24 31 -15 34 0 0.14 M M 10.3 21 340 M M 7 18 35 340
================================================================================
SM 1954 1435 351 38 3.34 M 265.4 M 155
================================================================================
AV 63.0 46.3 8.6 FASTST M M 5 MAX(MPH)
MISC ----> # 26 60 43 70
================================================================================
NOTES:
# LAST OF SEVERAL OCCURRENCES
COLUMN 17 PEAK WIND IN M.P.H.
PRELIMINARY LOCAL CLIMATOLOGICAL DATA (WS FORM: F-6) , PAGE 2
STATION: WAUKEGAN IL
MONTH: OCTOBER
YEAR: 2023
LATITUDE: 42 25 N
LONGITUDE: 87 52 W
[TEMPERATURE DATA] [PRECIPITATION DATA] SYMBOLS USED IN COLUMN 16
AVERAGE MONTHLY: 54.7 TOTAL FOR MONTH: 3.34 1 = FOG OR MIST
DPTR FM NORMAL: 2.9 DPTR FM NORMAL: 0.09 2 = FOG REDUCING VISIBILITY
HIGHEST: 83 ON 4, 3 GRTST 24HR 2.21 ON 13-14 TO 1/4 MILE OR LESS
LOWEST: 24 ON 31 3 = THUNDER
SNOW, ICE PELLETS, HAIL 4 = ICE PELLETS
TOTAL MONTH: M 5 = HAIL
GRTST 24HR M ON M 6 = FREEZING RAIN OR DRIZZLE
GRTST DEPTH: M ON M 7 = DUSTSTORM OR SANDSTORM:
VSBY 1/2 MILE OR LESS
8 = SMOKE OR HAZE
[NO. OF DAYS WITH] [WEATHER - DAYS WITH] 9 = BLOWING SNOW
X = TORNADO
MAX 32 OR BELOW: 0 0.01 INCH OR MORE: 11
MAX 90 OR ABOVE: 0 0.10 INCH OR MORE: 6
MIN 32 OR BELOW: 2 0.50 INCH OR MORE: 2
MIN 0 OR BELOW: 0 1.00 INCH OR MORE: 2
[HDD (BASE 65) ]
TOTAL THIS MO. 351 CLEAR (SCALE 0-3) 11
DPTR FM NORMAL -67 PTCLDY (SCALE 4-7) 11
TOTAL FM JUL 1 400 CLOUDY (SCALE 8-10) 9
DPTR FM NORMAL -163
[CDD (BASE 65) ]
TOTAL THIS MO. 38
DPTR FM NORMAL 30 [PRESSURE DATA]
TOTAL FM JAN 1 722 HIGHEST SLP M ON M
DPTR FM NORMAL 96 LOWEST SLP 29.54 ON 21
[REMARKS]
#FINAL-10-23#