000
CXUS52 KMLB 010632
CF6VRB
PRELIMINARY LOCAL CLIMATOLOGICAL DATA (WS FORM: F-6)
STATION: VERO BEACH
MONTH: MAY
YEAR: 2020
LATITUDE: 27 39 N
LONGITUDE: 80 25 W
TEMPERATURE IN F: :PCPN: SNOW: WIND :SUNSHINE: SKY :PK WND
================================================================================
1 2 3 4 5 6A 6B 7 8 9 10 11 12 13 14 15 16 17 18
12Z AVG MX 2MIN
DY MAX MIN AVG DEP HDD CDD WTR SNW DPTH SPD SPD DIR MIN PSBL S-S WX SPD DR
================================================================================
1 79 55 67 -6 0 2 0.00 0.0 0 6.2 15 50 M M 1 20 10
2 83 54 69 -5 0 4 0.00 0.0 0 6.0 13 50 M M 0 19 40
3 82 58 70 -4 0 5 0.00 0.0 0 6.3 14 100 M M 0 20 110
4 86 61 74 0 0 9 0.00 0.0 0 7.1 14 130 M M 0 19 80
5 94 65 80 6 0 15 0.00 0.0 0 9.4 21 130 M M 0 26 130
6 91 67 79 5 0 14 0.00 0.0 0 9.1 18 250 M M 3 24 280
7 77 64 71 -3 0 6 0.00 0.0 0 12.3 22 30 M M 0 30 30
8 82 63 73 -2 0 8 0.00 0.0 0 11.0 23 120 M M 0 28 130
9 85 63 74 -1 0 9 0.00 0.0 0 9.7 20 40 M M 3 24 50
10 77 69 73 -2 0 8 0.15 0.0 0 8.9 16 60 M M 9 1 22 50
11 83 67 75 0 0 10 0.00 0.0 0 10.4 21 10 M M 3 27 40
12 84 59 72 -4 0 7 0.00 0.0 0 9.9 20 70 M M 1 25 50
13 85 74 80 4 0 15 0.00 0.0 0 15.6 24 70 M M 3 30 70
14 84 74 79 3 0 14 T 0.0 0 15.7 22 80 M M 7 29 70
15 85 73 79 3 0 14 0.31 0.0 0 13.8 26 70 M M 9 138 34 60
16 86 73 80 4 0 15 0.01 0.0 0 9.5 18 70 M M 6 18 25 70
17 86 72 79 3 0 14 0.33 0.0 0 6.8 17 240 M M 4 13 22 240
18 85 71 78 1 0 13 0.07 0.0 0 7.2 21 290 M M 2 13 29 290
19 92 70 81 4 0 16 0.51 0.0 0 9.2 22 180 M M 3 138 28 220
20 93 62 78 1 0 13 0.00 0.0 0 9.1 20 270 M M 1 26 250
21 89 71 80 3 0 15 0.01 0.0 0 8.1 22 130 M M 2 3 28 240
22 88 70 79 2 0 14 0.00 0.0 0 10.6 20 100 M M 2 26 120
23 87 74 81 3 0 16 T 0.0 0 10.3 17 110 M M 4 22 130
24 83 79 81 3 0 16 T 0.0 0 11.9 18 120 M M 4 24 100
25 80 73 77 -1 0 12 2.85 0.0 0 11.7 21 100 M M 9 1 28 100
26 86 73 80 2 0 15 0.45 0.0 0 8.1 23 200 M M 5 138 29 220
27 91 72 82 4 0 17 1.47 0.0 0 7.2 29 300 M M 2 1238 35 310
28 89 72 81 3 0 16 0.09 0.0 0 9.2 21 140 M M 4 13 25 140
29 88 72 80 2 0 15 0.28 0.0 0 8.4 21 140 M M 2 1 24 140
30 89 74 82 3 0 17 0.00 0.0 0 7.9 18 120 M M 1 3 22 130
31 89 71 80 1 0 15 0.00 0.0 0 6.0 14 100 M M 1 18 220
================================================================================
SM 2658 2115 0 379 6.53 0.0 292.6 M 91
================================================================================
AV 85.7 68.2 9.4 FASTST M M 3 MAX(MPH)
MISC ----> 29 300 35 310
================================================================================
NOTES:
# LAST OF SEVERAL OCCURRENCES
COLUMN 17 PEAK WIND IN M.P.H.
PRELIMINARY LOCAL CLIMATOLOGICAL DATA (WS FORM: F-6) , PAGE 2
STATION: VERO BEACH
MONTH: MAY
YEAR: 2020
LATITUDE: 27 39 N
LONGITUDE: 80 25 W
[TEMPERATURE DATA] [PRECIPITATION DATA] SYMBOLS USED IN COLUMN 16
AVERAGE MONTHLY: 77.0 TOTAL FOR MONTH: 6.53 1 = FOG OR MIST
DPTR FM NORMAL: 0.8 DPTR FM NORMAL: 3.17 2 = FOG REDUCING VISIBILITY
HIGHEST: 94 ON 5 GRTST 24HR 2.92 ON 25-26 TO 1/4 MILE OR LESS
LOWEST: 54 ON 2 3 = THUNDER
SNOW, ICE PELLETS, HAIL 4 = ICE PELLETS
TOTAL MONTH: 0.0 INCH 5 = HAIL
GRTST 24HR 0.0 6 = FREEZING RAIN OR DRIZZLE
GRTST DEPTH: 0 7 = DUSTSTORM OR SANDSTORM:
VSBY 1/2 MILE OR LESS
8 = SMOKE OR HAZE
[NO. OF DAYS WITH] [WEATHER - DAYS WITH] 9 = BLOWING SNOW
X = TORNADO
MAX 32 OR BELOW: 0 0.01 INCH OR MORE: 12
MAX 90 OR ABOVE: 5 0.10 INCH OR MORE: 8
MIN 32 OR BELOW: 0 0.50 INCH OR MORE: 3
MIN 0 OR BELOW: 0 1.00 INCH OR MORE: 2
[HDD (BASE 65) ]
TOTAL THIS MO. 0 CLEAR (SCALE 0-3) 20
DPTR FM NORMAL -1 PTCLDY (SCALE 4-7) 8
TOTAL FM JUL 1 226 CLOUDY (SCALE 8-10) 3
DPTR FM NORMAL -229
[CDD (BASE 65) ]
TOTAL THIS MO. 379
DPTR FM NORMAL 31 [PRESSURE DATA]
TOTAL FM JAN 1 1225 HIGHEST SLP M ON M
DPTR FM NORMAL 419 LOWEST SLP 29.78 ON 19
[REMARKS]
#FINAL-05-20#