000
CXUS51 KAKQ 010833
CF6WAL
PRELIMINARY LOCAL CLIMATOLOGICAL DATA (WS FORM: F-6)
STATION: WALLOPS ISLAND VA
MONTH: OCTOBER
YEAR: 2020
LATITUDE: 37 55 N
LONGITUDE: 75 28 W
TEMPERATURE IN F: :PCPN: SNOW: WIND :SUNSHINE: SKY :PK WND
================================================================================
1 2 3 4 5 6A 6B 7 8 9 10 11 12 13 14 15 16 17 18
12Z AVG MX 2MIN
DY MAX MIN AVG DEP HDD CDD WTR SNW DPTH SPD SPD DIR MIN PSBL S-S WX SPD DR
================================================================================
1 77 56 67 3 0 2 0.00 0.0 0 7.1 13 340 M M 0 21 330
2 70 52 61 -3 4 0 0.00 0.0 0 7.8 15 350 M M 5 20 340
3 70 49 60 -4 5 0 0.00 0.0 0 5.7 14 350 M M 0 19 350
4 69 50 60 -3 5 0 T 0.0 0 7.4 16 40 M M 2 21 50
5 73 54 64 1 1 0 T 0.0 0 5.4 13 320 M M 5 16 320
6 73 50 62 0 3 0 0.00 0.0 0 7.1 17 190 M M 3 21 190
7 79 58 69 7 0 4 0.00 0.0 0 11.2 21 240 M M 0 28 260
8 73 50 62 0 3 0 0.00 0.0 0 7.7 21 290 M M 1 27 280
9 71 46 59 -2 6 0 0.00 0.0 0 5.1 13 170 M M 0 30 100
10 73 61 67 6 0 2 0.05 0.0 0 9.7 18 240 M M 7 1 24 230
11 70 64 67 6 0 2 0.73 0.0 0 6.1 17 90 M M 8 1 24 100
12 70 66 68 8 0 3 1.40 0.0 0 11.5 22 80 M M 10 12 29 90
13 69 54 62 2 3 0 0.00 0.0 0 7.4 16 330 M M 8 128 30 290
14 74 50 62 2 3 0 0.00 0.0 0 6.6 12 280 M M 0 22 110
15 74 56 65 6 0 0 0.00 0.0 0 12.2 21 190 M M 1 33 210
16 70 51 61 2 4 0 0.42 0.0 0 10.4 18 10 M M 10 1 25 360
17 62 43 53 -6 12 0 0.00 0.0 0 7.7 22 10 M M 2 29 360
18 69 43 56 -2 9 0 0.00 0.0 0 6.3 17 90 M M 1 23 90
19 72 52 62 4 3 0 0.02 0.0 0 5.3 13 110 M M 5 1 22 170
20 75 63 69 11 0 4 0.04 0.0 0 3.8 9 140 M M 9 12 12 130
21 77 62 70 13 0 5 0.00 0.0 0 3.7 12 190 M M 6 12 26 160
22 79 57 68 11 0 3 0.00 0.0 0 2.3 12 130 M M 5 12 14 140
23 71 61 66 9 0 1 0.00 0.0 0 4.9 13 90 M M 7 12 16 70
24 78 60 69 13 0 4 T 0.0 0 6.3 16 20 M M 5 12 23 120
25 64 52 58 2 7 0 0.47 0.0 0 13.1 26 50 M M 10 1 34 40
26 73 60 67 11 0 2 0.07 0.0 0 6.3 10 290 M M 9 12 14 310
27 66 60 63 7 2 0 0.01 0.0 0 3.9 10 360 M M 10 1 13 320
28 74 63 69 14 0 4 0.00 0.0 0 7.3 20 170 M M 7 23 300
29 78 59 69 14 0 4 0.76 0.0 0 9.5 30 200 M M 10 1 43 240
30 59 43 51 -4 14 0 0.67 0.0 0 10.8 25 330 M M 6 1 34 320
31 53 40 47 -7 18 0 0.00 0.0 0 7.5 15 50 M M 1 20 60
================================================================================
SM 2205 1685 102 40 4.64 0.0 227.1 M 153
================================================================================
AV 71.1 54.4 7.3 FASTST M M 5 MAX(MPH)
MISC ----> # 30 200 # 43 240
================================================================================
NOTES:
# LAST OF SEVERAL OCCURRENCES
COLUMN 17 PEAK WIND IN M.P.H.
PRELIMINARY LOCAL CLIMATOLOGICAL DATA (WS FORM: F-6) , PAGE 2
STATION: WALLOPS ISLAND VA
MONTH: OCTOBER
YEAR: 2020
LATITUDE: 37 55 N
LONGITUDE: 75 28 W
[TEMPERATURE DATA] [PRECIPITATION DATA] SYMBOLS USED IN COLUMN 16
AVERAGE MONTHLY: 62.7 TOTAL FOR MONTH: 4.64 1 = FOG OR MIST
DPTR FM NORMAL: 3.6 DPTR FM NORMAL: 1.47 2 = FOG REDUCING VISIBILITY
HIGHEST: 79 ON 22, 7 GRTST 24HR 1.40 ON 12-12 TO 1/4 MILE OR LESS
LOWEST: 40 ON 31 3 = THUNDER
SNOW, ICE PELLETS, HAIL 4 = ICE PELLETS
TOTAL MONTH: 0.0 INCH 5 = HAIL
GRTST 24HR 0.0 6 = FREEZING RAIN OR DRIZZLE
GRTST DEPTH: 0 7 = DUSTSTORM OR SANDSTORM:
VSBY 1/2 MILE OR LESS
8 = SMOKE OR HAZE
[NO. OF DAYS WITH] [WEATHER - DAYS WITH] 9 = BLOWING SNOW
X = TORNADO
MAX 32 OR BELOW: 0 0.01 INCH OR MORE: 11
MAX 90 OR ABOVE: 0 0.10 INCH OR MORE: 6
MIN 32 OR BELOW: 0 0.50 INCH OR MORE: 4
MIN 0 OR BELOW: 0 1.00 INCH OR MORE: 1
[HDD (BASE 65) ]
TOTAL THIS MO. 102 CLEAR (SCALE 0-3) 12
DPTR FM NORMAL -110 PTCLDY (SCALE 4-7) 11
TOTAL FM JUL 1 127 CLOUDY (SCALE 8-10) 8
DPTR FM NORMAL -116
[CDD (BASE 65) ]
TOTAL THIS MO. 40
DPTR FM NORMAL 9 [PRESSURE DATA]
TOTAL FM JAN 1 1484 HIGHEST SLP 30.53 ON 31
DPTR FM NORMAL 289 LOWEST SLP 29.33 ON 29
[REMARKS]
#FINAL-10-20#