000
CXUS56 KTFX 310915
CF6WYS
30
PRELIMINARY LOCAL CLIMATOLOGICAL DATA (WS FORM: F-6)
STATION: WEST YELLOWSTO MT
MONTH: May
YEAR: 2021
LATITUDE: 44.68 N
LONGITUDE: 111.12 W
TEMPERATURE IN F: :PCPN: SNOW: WIND :SUNSHINE: SKY :PK WND
================================================================================
1 2 3 4 5 6A 6B 7 8 9 10 11 12 13 14 15 16 17 18
12Z AVG MX 2MIN
DY MAX MIN AVG DEP HDD CDD WTR SNW DPTH SPD SPD DIR MIN PSBL S-S WX SPD DR
================================================================================
01 66 28 47 8 18 0 0.00 M M 5.1 M M M M M 31 360
02 48 34 41 2 24 0 0.03 M M 6.8 M M M M M 29 360
03 48 27 37 -3 28 0 0.00 M M 5.5 M M M M M 21 350
04 50 32 41 1 24 0 0.00 M M 4.4 M M M M M 26 360
05 57 25 41 0 24 0 0.00 M M 5.0 M M M M M 25 320
06 68 23 45 4 20 0 0.00 M M 4.9 M M M M M 28 250
07 66 30 48 7 17 0 0.00 M M 10.7 M M M M M 45 240
08 45 25 35 -7 30 0 0.00 M M 6.9 M M M M M 26 360
09 41 14 27 -15 38 0 0.00 M M 2.5 M M M M M 20 360
10 43 19 31 -11 34 0 0.00 M M 3.1 M M M M M 18 350
11 48 28 38 -5 27 0 0.01 M M 3.3 M M M M M 16 360
12 57 21 39 -4 26 0 0.00 M M 5.2 M M M M M 25 280
13 63 27 45 2 20 0 0.00 M M 2.8 M M M M M 21 340
14 63 28 45 2 20 0 0.00 M M 3.3 M M M M M 18 360
15 61 32 46 2 19 0 0.00 M M 4.4 M M M M M 20 360
16 68 27 47 3 18 0 0.00 M M 3.7 M M M M M 22 360
17 68 28 48 4 17 0 0.00 M M 4.6 M M M M M 22 250
18 70 36 53 8 12 0 0.00 M M 10.3 M M M M M 39 330
19 68 30 49 4 16 0 0.00 M M 7.3 M M M M M 43 280
20 50 36 43 -2 22 0 0.00 M M 6.5 M M M M M 25 360
21 39 28 33 -12 32 0 0.03 M M 4.3 M M M M M 18 360
22 52 21 36 -10 29 0 0.00 M M 3.6 M M M M M 38 350
23 45 34 39 -7 26 0 0.00 M M 9.3 M M M M M 28 360
24 48 32 40 -6 25 0 0.00 M M 12.4 M M M M M 32 250
25 59 37 48 2 17 0 0.00 M M 7.3 M M M M M 37 280
26 48 34 41 -6 24 0 0.00 M M 7.1 M M M M M 29 340
27 61 28 44 -3 21 0 0.00 M M 6.0 M M M M M 28 250
28 64 30 47 0 18 0 0.00 M M 11.4 M M M M M 39 300
29 61 27 44 -3 21 0 0.00 M M 3.6 M M M M M 23 360
30 66 23 44 -4 21 0 0.00 M M 2.4 M M M M M 18 360
================================================================================
SM 1691 844 688 0 0.07 173.7
================================================================================
AV 56.4 28.1 5.8 MAX(MPH)
45
[TEMPERATURE DATA] [PRECIPITATION DATA]
Average Monthly: 42.3 Total for Month: 0.07
Dptr fm Normal: -1.6 Dptr fm Normal: -2.29