000
CXUS51 KPBZ 011452
CLMZZV
CLIMATE REPORT
NATIONAL WEATHER SERVICE PITTSBURGH PA
952 AM EST THU FEB 01 2024
...................................
...THE ZANESVILLE OH CLIMATE SUMMARY FOR THE MONTH OF JANUARY 2024...
CLIMATE NORMAL PERIOD 1991 TO 2020
CLIMATE RECORD PERIOD 1895 TO 2024
WEATHER OBSERVED NORMAL DEPART LAST YEAR`S
VALUE DATE(S) VALUE FROM VALUE DATE(S)
NORMAL
................................................................
TEMPERATURE (F)
RECORD
HIGH 74 01/25/1950
01/11/2020
LOW -25 01/19/1994
HIGHEST 64 01/26 60 4 62 01/03
01/04
01/19
LOWEST 5 01/22 -2 7 15 01/15
AVG. MAXIMUM 38.7 38.4 0.3 44.7
AVG. MINIMUM 26.3 21.7 4.6 31.5
MEAN 32.5 30.1 2.4 38.1
DAYS MAX >= 90 0 0.0 0.0 0
DAYS MAX <= 32 8 11.0 -3.0 2
DAYS MIN <= 32 18 25.5 -7.5 18
DAYS MIN <= 0 0 2.1 -2.1 0
PRECIPITATION (INCHES)
RECORD
MAXIMUM 10.48 1937
MINIMUM 0.49 1981
TOTALS 4.20 2.80 1.40 3.60
DAILY AVG. 0.14 0.09 0.05 0.12
DAYS >= .01 15 12.9 2.1 19
DAYS >= .10 6 6.1 -0.1 9
DAYS >= .50 4 1.7 2.3 3
DAYS >= 1.00 0 0.4 -0.4 0
GREATEST
24 HR. TOTAL 0.97 01/09 TO 01/09 0.88
DEGREE DAYS
HEATING TOTAL 999 1083 -84 825
SINCE 7/1 2633 3092 -459 MM
COOLING TOTAL 0 0 0 0
SINCE 1/1 0 0 0 MM
................................................................
WIND (MPH)
AVERAGE WIND SPEED 7.0
HIGHEST WIND SPEED/DIRECTION 28/240 DATE 01/13
28/270 01/14
HIGHEST GUST SPEED/DIRECTION 48/250 DATE 01/13
AVERAGE RH (PERCENT) 75
WEATHER CONDITIONS. NUMBER OF DAYS WITH
THUNDERSTORM 1 MIXED PRECIP 0
HEAVY RAIN 3 RAIN 5
LIGHT RAIN 12 FREEZING RAIN 0
LT FREEZING RAIN 0 HAIL 0
HEAVY SNOW 0 SNOW 0
LIGHT SNOW 14 SLEET 0
FOG 19 FOG W/VIS <= 1/4 MILE 3
HAZE 6
- INDICATES NEGATIVE NUMBERS.
R INDICATES RECORD WAS SET OR TIED.
MM INDICATES DATA IS MISSING.
T INDICATES TRACE AMOUNT.
$$