174
NZUS97 KBTV 160700
CF6OGS
PRELIMINARY LOCAL CLIMATOLOGICAL DATA (WS FORM: F-6)
STATION: OGDENSBURG NY
MONTH: APRIL
YEAR: 2021
LATITUDE: 44 40 N
LONGITUDE: 75 28 W
TEMPERATURE IN F: :PCPN: SNOW: WIND :SUNSHINE: SKY :PK WND
================================================================================
1 2 3 4 5 6A 6B 7 8 9 10 11 12 13 14 15 16 17 18
12Z AVG MX 2MIN
DY MAX MIN AVG DEP HDD CDD WTR SNW DPTH SPD SPD DIR MIN PSBL S-S WX SPD DR
================================================================================
1 39 25 32 M 33 0 0.14 M M 12.0 20 330 M M 8 1 29 340
2 37 21 29 M 36 0 0.00 M M 10.8 17 340 M M 2 24 340
3 46 19 33 M 32 0 0.00 M M 7.0 17 200 M M 2 25 200
4 57 30 44 M 21 0 0.00 M M 3.1 10 360 M M 5 16 360
5 57 34 46 M 19 0 0.00 M M 7.7 15 340 M M 0 22 330
6 61 28 45 M 20 0 0.00 M M 2.7 8 340 M M 0 13 99
7 64 32 48 M 17 0 0.00 M M 4.7 10 20 M M 0 20 20
8 73 41 57 M 8 0 0.00 M M 5.6 12 10 M M 0 17 10
9 72 41 57 M 8 0 0.00 M M 5.5 14 200 M M 3 22 170
10 79 46 63 M 2 0 0.00 M M 2.7 8 190 M M 0 M M
11 68 48 58 M 7 0 0.00 M M 8.1 15 40 M M 4 8 23 60
12 57 46 52 M 13 0 0.02 M M 4.1 8 240 M M 9 13 240
13 66 45 56 M 9 0 0.00 M M 2.0 6 270 M M 7 1 M M
14 66 43 55 M 10 0 0.00 M M 3.4 12 330 M M 4 18 200
15 52 41 47 M 18 0 0.13 M M 4.5 12 220 M M 9 1 16 210
================================================================================
SM 894 540 253 0 0.29 M 84.0 M 53
================================================================================
AV 59.6 36.0 5.6 FASTST M M 4 MAX(MPH)
MISC ----> 20 330 29 340
================================================================================
NOTES:
# LAST OF SEVERAL OCCURRENCES
COLUMN 17 PEAK WIND IN M.P.H.
PRELIMINARY LOCAL CLIMATOLOGICAL DATA (WS FORM: F-6) , PAGE 2
STATION: OGDENSBURG NY
MONTH: APRIL
YEAR: 2021
LATITUDE: 44 40 N
LONGITUDE: 75 28 W
[TEMPERATURE DATA] [PRECIPITATION DATA] SYMBOLS USED IN COLUMN 16
AVERAGE MONTHLY: 47.8 TOTAL FOR MONTH: 0.29 1 = FOG OR MIST
DPTR FM NORMAL: 0.0 DPTR FM NORMAL: 0.29 2 = FOG REDUCING VISIBILITY
HIGHEST: 79 ON 10 GRTST 24HR 0.14 ON 1- 1 TO 1/4 MILE OR LESS
LOWEST: 19 ON 3 3 = THUNDER
SNOW, ICE PELLETS, HAIL 4 = ICE PELLETS
TOTAL MONTH: M 5 = HAIL
GRTST 24HR M ON M 6 = FREEZING RAIN OR DRIZZLE
GRTST DEPTH: M ON M 7 = DUSTSTORM OR SANDSTORM:
VSBY 1/2 MILE OR LESS
8 = SMOKE OR HAZE
[NO. OF DAYS WITH] [WEATHER - DAYS WITH] 9 = BLOWING SNOW
X = TORNADO
MAX 32 OR BELOW: 0 0.01 INCH OR MORE: 3
MAX 90 OR ABOVE: 0 0.10 INCH OR MORE: 2
MIN 32 OR BELOW: 6 0.50 INCH OR MORE: 0
MIN 0 OR BELOW: 0 1.00 INCH OR MORE: 0
[HDD (BASE 65) ]
TOTAL THIS MO. 253 CLEAR (SCALE 0-3) 8
DPTR FM NORMAL M PTCLDY (SCALE 4-7) 4
TOTAL FM JUL 1 6591 CLOUDY (SCALE 8-10) 3
DPTR FM NORMAL M
[CDD (BASE 65) ]
TOTAL THIS MO. 0
DPTR FM NORMAL M [PRESSURE DATA]
TOTAL FM JAN 1 0 HIGHEST SLP M ON M
DPTR FM NORMAL M LOWEST SLP M ON M
[REMARKS]