000
CXUS53 KAPX 290730
CF6TVC
PRELIMINARY LOCAL CLIMATOLOGICAL DATA (WS FORM: F-6)
STATION: TRAVERSE CITY MI
MONTH: MARCH
YEAR: 2024
LATITUDE: 44 44 N
LONGITUDE: 85 34 W
TEMPERATURE IN F: :PCPN: SNOW: WIND :SUNSHINE: SKY :PK WND
================================================================================
1 2 3 4 5 6A 6B 7 8 9 10 11 12 13 14 15 16 17 18
12Z AVG MX 2MIN
DY MAX MIN AVG DEP HDD CDD WTR SNW DPTH SPD SPD DIR MIN PSBL S-S WX SPD DR
================================================================================
1 54 26 40 13 25 0 0.00 M M 9.1 18 180 M M 2 27 210
2 56 34 45 17 20 0 0.00 M M 4.1 15 240 M M 4 8 20 260
3 64 33 49 21 16 0 0.00 M M 9.7 21 140 M M 2 37 110
4 62 40 51 23 14 0 0.16 M M 6.2 28 30 M M 5 13 37 50
5 45 34 40 12 25 0 0.52 M M 8.6 18 350 M M 8 13 27 350
6 51 28 40 11 25 0 0.00 M M 6.1 12 350 M M 3 17 360
7 56 22 39 10 26 0 0.00 M M 3.4 14 110 M M 5 24 130
8 49 36 43 14 22 0 0.25 M M 4.0 13 350 M M 9 1 18 350
9 38 30 34 4 31 0 0.12 M M 12.9 22 310 M M 10 1 31 310
10 40 26 33 3 32 0 M M M 14.0 26 320 M M 7 1 39 330
11 59 23 41 11 24 0 0.00 M M 5.4 21 200 M M 4 33 210
12 71 31 51 20 14 0 0.00 M M 7.1 23 230 M M 5 37 210
13 58 30 44 13 21 0 0.00 M M 2.7 10 20 M M 4 M M
14 46 31 39 8 26 0 T M M 4.0 15 360 M M 6 25 10
15 44 31 38 6 27 0 0.00 M M 6.8 14 360 M M 5 20 350
16 54 36 45 13 20 0 0.01 M M 13.0 23 300 M M 8 34 310
17 37 25 31 -1 34 0 T M M 13.7 23 310 M M 10 1 30 330
18 31 26 29 -4 36 0 0.01 M M 10.4 20 330 M M 10 1 29 340
19 40 31 36 3 29 0 T M M 11.1 21 270 M M 10 1 29 270
20 32 23 28 -6 37 0 T M M 15.3 29 310 M M 10 38 300
21 33 21 27 -7 38 0 0.00 M M 6.2 15 10 M M 7 21 320
22 32 24 28 -6 37 0 0.07 M M 3.3 13 360 M M 10 18 19 10
23 33 20 27 -8 38 0 T M M 6.2 17 330 M M 5 23 320
24 40 23 32 -3 33 0 0.01 M M 6.7 18 120 M M 8 1 36 110
25 61 33 47 12 18 0 T M M 7.2 14 140 M M 7 24 150
26 56 37 47 11 18 0 0.49 M M 12.4 25 190 M M 10 18 41 200
27 37 30 34 -2 31 0 T M M 12.3 24 250 M M 9 1 37 240
28 40 27 34 -2 31 0 T M M 9.9 23 270 M M 4 34 250
================================================================================
SM 1319 811 748 0 1.64 M 231.8 M 187
================================================================================
AV 47.1 29.0 8.3 FASTST M M 7 MAX(MPH)
MISC ----> 29 310 41 200
================================================================================
NOTES:
# LAST OF SEVERAL OCCURRENCES
COLUMN 17 PEAK WIND IN M.P.H.
PRELIMINARY LOCAL CLIMATOLOGICAL DATA (WS FORM: F-6) , PAGE 2
STATION: TRAVERSE CITY MI
MONTH: MARCH
YEAR: 2024
LATITUDE: 44 44 N
LONGITUDE: 85 34 W
[TEMPERATURE DATA] [PRECIPITATION DATA] SYMBOLS USED IN COLUMN 16
AVERAGE MONTHLY: 38.0 TOTAL FOR MONTH: 1.64 1 = FOG OR MIST
DPTR FM NORMAL: 6.4 DPTR FM NORMAL: 0.28 2 = FOG REDUCING VISIBILITY
HIGHEST: 71 ON 12 GRTST 24HR 0.68 ON 4- 5 TO 1/4 MILE OR LESS
LOWEST: 20 ON 23 3 = THUNDER
SNOW, ICE PELLETS, HAIL 4 = ICE PELLETS
TOTAL MONTH: M 5 = HAIL
GRTST 24HR M ON M 6 = FREEZING RAIN OR DRIZZLE
GRTST DEPTH: M ON M 7 = DUSTSTORM OR SANDSTORM:
VSBY 1/2 MILE OR LESS
8 = SMOKE OR HAZE
[NO. OF DAYS WITH] [WEATHER - DAYS WITH] 9 = BLOWING SNOW
X = TORNADO
MAX 32 OR BELOW: 3 0.01 INCH OR MORE: 9
MAX 90 OR ABOVE: 0 0.10 INCH OR MORE: 5
MIN 32 OR BELOW: 20 0.50 INCH OR MORE: 1
MIN 0 OR BELOW: 0 1.00 INCH OR MORE: 0
[HDD (BASE 65) ]
TOTAL THIS MO. 748 CLEAR (SCALE 0-3) 3
DPTR FM NORMAL -188 PTCLDY (SCALE 4-7) 15
TOTAL FM JUL 1 4847 CLOUDY (SCALE 8-10) 10
DPTR FM NORMAL -1114
[CDD (BASE 65) ]
TOTAL THIS MO. 0
DPTR FM NORMAL 0 [PRESSURE DATA]
TOTAL FM JAN 1 0 HIGHEST SLP M ON M
DPTR FM NORMAL 0 LOWEST SLP 29.38 ON 26
[REMARKS]