000
CXUS52 KMLB 080112 CCB
CLAMLB
CLIMATE REPORT ...CORRECTED
NATIONAL WEATHER SERVICE MELBOURNE FL
812 PM EST SUN JAN 7 2024
...................................
...THE MELBOURNE CLIMATE SUMMARY FOR THE YEAR OF 2023...
CLIMATE NORMAL PERIOD 1991 TO 2020
CLIMATE RECORD PERIOD 1939 TO 2023
WEATHER OBSERVED NORMAL DEPART LAST YEAR`S
VALUE DATE(S) VALUE FROM VALUE
NORMAL
..............................................................
TEMPERATURE (F)
YEARLY RECORDS
WARMEST 75.6 2019
2017
COOLEST 70.5 1970
DAILY RECORD
HIGH 102 07/14/1980
LOW 19 01/20/1977
2023 DATA
HIGHEST 98 08/08 97
LOWEST 34 01/15 31
AVG. MAXIMUM 83.7 81.5 2.2 82.5
AVG. MINIMUM 67.0 64.6 2.4 66.5
MEAN 75.3 73.1 2.2 74.5
DAYS MAX >= 90 82 62.8 19.2 87
DAYS MAX <= 32 0 0.0 0.0 0
DAYS MIN <= 32 0 1.8 -1.8 2
DAYS MIN <= 0 0 0.0 0.0 0
PRECIPITATION (INCHES)
YEARLY RECORDS
MAXIMUM 74.28 1947
MINIMUM 31.97 1981
DAILY RECORD
MAXIMUM 10.23 09/10/2017
2023 DATA
TOTALS 58.65 50.79 7.86 52.14
DAYS >= .01 131 119.5 11.5 117
DAYS >= .10 82 73.2 8.8 75
DAYS >= .50 37 31.7 5.3 34
DAYS >= 1.00 18 14.7 3.3 15
GREATEST
24 HR. TOTAL 3.98 11/16 TO 11/17
SNOWFALL (INCHES)
TOTALS T* MM MM 0.0
SINCE 7/1 0.0 MM MM MM
DAYS >= TRACE 1 0
*HAIL OCCURRED ON 4/26
DEGREE DAYS
HEATING TOTAL 223 485 -262 339
SINCE 7/1 86 153 -67 MM
COOLING TOTAL 4080 3446 634 3906
SINCE 1/1 4080 3447 633 MM
..............................................................
WIND (MPH)
AVERAGE WIND SPEED 8.9
HIGHEST WIND SPEED/DIRECTION 44/290 DATE 04/27
HIGHEST GUST SPEED/DIRECTION 58/300 DATE 04/27
SKY COVER
POSSIBLE SUNSHINE (PERCENT) MM
AVERAGE SKY COVER 0.27
NUMBER OF DAYS FAIR 262
NUMBER OF DAYS PC 88
NUMBER OF DAYS CLOUDY 15
AVERAGE RH (PERCENT) 74
WEATHER CONDITIONS. NUMBER OF DAYS WITH
THUNDERSTORM 105 MIXED PRECIP 0
HEAVY RAIN 71 RAIN 71
LIGHT RAIN 156 LT FREEZING RAIN 0
HAIL 1 LIGHT SNOW 0
SLEET 0 FOG 135
FOG W/VIS <= 1/4 MILE 28 HAZE 39
- INDICATES NEGATIVE NUMBERS.
R INDICATES RECORD WAS SET OR TIED.
MM INDICATES DATA IS MISSING.
T INDICATES TRACE AMOUNT.
$$