000
CXUS52 KMLB 011437
CLSLEE
CLIMATE REPORT
NATIONAL WEATHER SERVICE MELBOURNE FL
937 AM EST FRI MAR 1 2024
...................................
...THE LEESBURG CLIMATE SUMMARY FOR THE WINTER SEASON, FROM
12/1/2023 TO 2/29/2024...
CLIMATE NORMAL PERIOD 1991 TO 2020
CLIMATE RECORD PERIOD 1958 TO 2024
WEATHER OBSERVED NORMAL DEPART LAST YEAR`S
VALUE DATE(S) VALUE FROM VALUE
NORMAL
..............................................................
TEMPERATURE (F)
WINTER RECORDS
WARMEST 66.1 2017
COOLEST 53.9 1981
DAILY RECORD
HIGH 89 02/22/1991
LOW 16 01/22/1985
01/21/1985
12/13/1962
WINTER 2023-2024
HIGHEST 84 01/27 88
02/11
LOWEST 34 01/21 29
AVG. MAXIMUM 71.0 71.9 -0.9 75.6
AVG. MINIMUM 51.2 51.0 0.2 54.0
MEAN 61.1 61.4 -0.3 64.6
DAYS MAX >= 90 0 0
DAYS MAX <= 32 0 0
DAYS MIN <= 32 0 2
DAYS MIN <= 0 0 0
PRECIPITATION (INCHES)
WINTER RECORDS
MAXIMUM 15.61 2017
MINIMUM 2.39 2023
DAILY RECORD
WETTEST 3.43 01/01/1991
WINTER 2023-2024
TOTALS 9.56 6.76 2.80 2.39
DAYS >= .01 25 17
DAYS >= .10 15 9
DAYS >= .50 5 0
DAYS >= 1.00 2 0
GREATEST
24 HR. TOTAL 3.68 12/16 TO 12/17
SNOWFALL (INCHES)
TOTALS 0.0 MM MM 0.0
SINCE 7/1 0.0 MM MM MM
DAYS >= TRACE 0 0
DEGREE DAYS
HEATING TOTAL 452 491 -39 310
SINCE 7/1 508 561 -53 MM
COOLING TOTAL 121 165 -44 299
SINCE 1/1 73 98 -25 MM
..............................................................
WIND (MPH)
AVERAGE WIND SPEED 6.9
HIGHEST WIND SPEED/DIRECTION 29/290 DATE 01/09
HIGHEST GUST SPEED/DIRECTION 48/290 DATE 01/09
SKY COVER
POSSIBLE SUNSHINE (PERCENT) MM
AVERAGE SKY COVER 0.32
NUMBER OF DAYS FAIR 54
NUMBER OF DAYS PC 27
NUMBER OF DAYS CLOUDY 10
AVERAGE RH (PERCENT) 73
WEATHER CONDITIONS. NUMBER OF DAYS WITH
THUNDERSTORM 4 MIXED PRECIP 0
HEAVY RAIN 12 RAIN 15
LIGHT RAIN 33 LT FREEZING RAIN 0
HAIL 0 LIGHT SNOW 0
SLEET 0 FOG 43
FOG W/VIS <= 1/4 MILE 9 HAZE 5
- INDICATES NEGATIVE NUMBERS.
R INDICATES RECORD WAS SET OR TIED.
MM INDICATES DATA IS MISSING.
T INDICATES TRACE AMOUNT.
$$