000
CXUS53 KEAX 011404
CLSSTJ
CLIMATE REPORT
NATIONAL WEATHER SERVICE KANSAS CITY/PLEASANT HILL MO
757 AM CST FRI MAR 01 2024
...................................
...THE ST. JOSEPH MO CLIMATE SUMMARY FOR THE SEASON, FROM
12/1/2023 TO 2/29/2024...
CLIMATE NORMAL PERIOD: 1991 TO 2020
CLIMATE RECORD PERIOD: 1892 TO 2024
WEATHER OBSERVED NORMAL DEPART LAST YEAR`S
VALUE DATE(S) VALUE FROM VALUE DATE(S)
NORMAL
................................................................
TEMPERATURE (F)
RECORD
HIGH 83 02/24/1930
LOW -25 01/12/1974
HIGHEST 80 02/26 65 15 68 02/06
LOWEST -13 01/14 -3 -10 -7 12/22
AVG. MAXIMUM 46.7 40.4 6.3 42.4
AVG. MINIMUM 24.5 19.8 4.7 19.7
MEAN 35.6 30.1 5.5 31.0
DAYS MAX >= 90 0 0.0 0.0 0
DAYS MAX <= 32 11 25.1 -14.1 19
DAYS MIN <= 32 64 80.2 -16.2 82
DAYS MIN <= 0 6 6.3 -0.3 3
PRECIPITATION (INCHES)
RECORD
MAXIMUM 7.30 1985
MINIMUM 0.24 2003
TOTALS 4.15 2.91 1.24 5.41
DAILY AVG. 0.04 NAN NAN 0.06
DAYS >= .01 20 15.9 4.1 20
DAYS >= .10 10 7.3 2.7 9
DAYS >= .50 1 1.5 -0.5 4
DAYS >= 1.00 1 0.3 0.7 1
GREATEST
24 HR. TOTAL 1.52 12/24 TO 12/25
DEGREE DAYS
HEATING TOTAL 2662 3145 -483 3039
COOLING TOTAL 0 0 0 0
................................................................
WIND (MPH)
AVERAGE WIND SPEED 8.6
HIGHEST WIND SPEED/DIRECTION 36/340 DATE 02/27
HIGHEST GUST SPEED/DIRECTION 50/340 DATE 02/27
SKY COVER
POSSIBLE SUNSHINE (PERCENT) MM
AVERAGE SKY COVER 0.40
NUMBER OF DAYS FAIR 49
NUMBER OF DAYS PC 17
NUMBER OF DAYS CLOUDY 25
AVERAGE RH (PERCENT) 70
WEATHER CONDITIONS. NUMBER OF DAYS WITH
THUNDERSTORM 1 MIXED PRECIP 0
HEAVY RAIN 2 RAIN 6
LIGHT RAIN 15 FREEZING RAIN 0
LT FREEZING RAIN 0 HAIL 0
HEAVY SNOW 1 SNOW 8
LIGHT SNOW 15 SLEET 0
FOG 53 FOG W/VIS <= 1/4 MILE 11
HAZE 23
- INDICATES NEGATIVE NUMBERS.
R INDICATES RECORD WAS SET OR TIED.
MM INDICATES DATA IS MISSING.
T INDICATES TRACE AMOUNT.
$$