000
CXUS53 KPAH 020001
CF6OWB
PRELIMINARY LOCAL CLIMATOLOGICAL DATA (WS FORM: F-6)
STATION: OWENSBORO KY
MONTH: NOVEMBER
YEAR: 2021
LATITUDE: 37 45 N
LONGITUDE: 87 10 W
TEMPERATURE IN F: :PCPN: SNOW: WIND :SUNSHINE: SKY :PK WND
================================================================================
1 2 3 4 5 6A 6B 7 8 9 10 11 12 13 14 15 16 17 18
12Z AVG MX 2MIN
DY MAX MIN AVG DEP HDD CDD WTR SNW DPTH SPD SPD DIR MIN PSBL S-S WX SPD DR
================================================================================
1 55 41 48 -7 17 0 0.02 M M 5.5 12 320 M M 4 14 310
2 50 34 42 -13 23 0 0.00 M M 5.5 15 310 M M 4 18 320
3 50 30 40 -15 25 0 0.00 M M 2.6 12 360 M M 0 17 20
4 52 27 40 -14 25 0 0.00 M M 3.5 13 80 M M 0 16 20
5 57 27 42 -12 23 0 0.00 M M 4.2 14 90 M M 0 8 16 110
6 60 28 44 -10 21 0 0.00 M M 1.0 9 140 M M 0 18 10 140
7 64 33 49 -4 16 0 0.00 M M 1.3 6 170 M M 0 8 7 170
8 72 37 55 2 10 0 0.00 M M 5.1 14 210 M M 0 16 230
9 67 39 53 1 12 0 0.00 M M 5.9 16 230 M M 1 18 240
10 71 46 59 7 6 0 0.00 M M 6.9 15 160 M M 1 18 140
11 59 40 50 -2 15 0 0.16 M M 9.4 20 210 M M 4 18 23 210
12 51 37 44 -7 21 0 0.08 M M 11.8 29 220 M M 6 18 35 220
13 40 32 36 -15 29 0 0.00 M M 5.7 14 290 M M 8 17 290
14 53 29 41 -9 24 0 0.02 M M 10.0 24 320 M M 7 30 280
15 49 24 37 -13 28 0 0.00 M M 5.7 14 160 M M 4 18 160
16 68 37 53 4 12 0 0.00 M M 8.2 15 170 M M 1 17 150
17 71 47 59 10 6 0 0.06 M M 13.5 25 330 M M 6 1 30 210
18 49 33 41 -7 24 0 0.08 M M 9.1 21 330 M M 3 26 340
19 45 24 35 -13 30 0 0.00 M M 5.2 12 60 M M 0 14 100
20 59 31 45 -3 20 0 0.00 M M 6.8 18 220 M M 5 22 220
21 52 40 46 -1 19 0 0.17 M M 6.4 12 140 M M 8 12 14 130
22 43 25 34 -13 31 0 0.00 M M 6.9 16 360 M M 0 21 350
23 45 19 32 -14 33 0 0.00 M M 5.3 10 200 M M 0 13 180
24 59 33 46 0 19 0 0.00 M M 11.1 22 180 M M 1 26 170
25 54 31 43 -3 22 0 0.45 M M 12.4 22 310 M M 10 1 26 310
26 38 24 31 -14 34 0 0.00 M M 5.5 17 320 M M 2 21 300
27 56 27 42 -3 23 0 0.00 M M 7.7 15 190 M M 0 17 220
28 50 28 39 -5 26 0 0.00 M M 7.9 18 300 M M 0 22 320
29 49 23 36 -8 29 0 0.00 M M 6.5 15 170 M M 2 17 170
30 58 35 47 3 18 0 0.00 M M 4.8 10 290 M M 0 13 280
================================================================================
SM 1646 961 641 0 1.04 M 201.4 M 77
================================================================================
AV 54.9 32.0 6.7 FASTST M M 3 MAX(MPH)
MISC ----> 29 220 35 220
================================================================================
NOTES:
# LAST OF SEVERAL OCCURRENCES
COLUMN 17 PEAK WIND IN M.P.H.
PRELIMINARY LOCAL CLIMATOLOGICAL DATA (WS FORM: F-6) , PAGE 2
STATION: OWENSBORO KY
MONTH: NOVEMBER
YEAR: 2021
LATITUDE: 37 45 N
LONGITUDE: 87 10 W
[TEMPERATURE DATA] [PRECIPITATION DATA] SYMBOLS USED IN COLUMN 16
AVERAGE MONTHLY: 43.4 TOTAL FOR MONTH: 1.04 1 = FOG OR MIST
DPTR FM NORMAL: -6.1 DPTR FM NORMAL: -3.02 2 = FOG REDUCING VISIBILITY
HIGHEST: 72 ON 8 GRTST 24HR 0.45 ON 25-25 TO 1/4 MILE OR LESS
LOWEST: 19 ON 23 3 = THUNDER
SNOW, ICE PELLETS, HAIL 4 = ICE PELLETS
TOTAL MONTH: M 5 = HAIL
GRTST 24HR M ON M 6 = FREEZING RAIN OR DRIZZLE
GRTST DEPTH: M ON M 7 = DUSTSTORM OR SANDSTORM:
VSBY 1/2 MILE OR LESS
8 = SMOKE OR HAZE
[NO. OF DAYS WITH] [WEATHER - DAYS WITH] 9 = BLOWING SNOW
X = TORNADO
MAX 32 OR BELOW: 0 0.01 INCH OR MORE: 8
MAX 90 OR ABOVE: 0 0.10 INCH OR MORE: 3
MIN 32 OR BELOW: 16 0.50 INCH OR MORE: 0
MIN 0 OR BELOW: 0 1.00 INCH OR MORE: 0
[HDD (BASE 65) ]
TOTAL THIS MO. 641 CLEAR (SCALE 0-3) 19
DPTR FM NORMAL 171 PTCLDY (SCALE 4-7) 9
TOTAL FM JUL 1 787 CLOUDY (SCALE 8-10) 2
DPTR FM NORMAL 104
[CDD (BASE 65) ]
TOTAL THIS MO. 0
DPTR FM NORMAL -6 [PRESSURE DATA]
TOTAL FM JAN 1 1665 HIGHEST SLP 30.60 ON 19
DPTR FM NORMAL -93 LOWEST SLP 29.78 ON 11
[REMARKS]
#FINAL-11-21#