000
CDUS44 KLZK 220641
CLILZK


CLIMATE REPORT
NATIONAL WEATHER SERVICE LITTLE ROCK AR
140 AM CDT SUN APR 22 2018


...................................

...THE NORTH LITTLE ROCK CLIMATE SUMMARY FOR APRIL 21 2018...

CLIMATE NORMAL PERIOD 1981 TO 2010
CLIMATE RECORD PERIOD 1975 TO 2018


WEATHER ITEM   OBSERVED TIME   RECORD YEAR NORMAL DEPARTURE LAST
                VALUE   (LST)  VALUE       VALUE  FROM      YEAR
                                                  NORMAL
..................................................................
TEMPERATURE (F)
 YESTERDAY
  MAXIMUM         69    105 PM  88    1980  74     -5       71
  MINIMUM         47    255 AM  40    1978  54     -7       55
  AVERAGE         58                        64     -6       63

PRECIPITATION (IN)
  YESTERDAY        0.59          1.81 2004   0.16   0.43     0.13
  MONTH TO DATE    4.80                      3.26   1.54     2.75
  SINCE MAR 1      7.96                      8.03  -0.07     6.22
  SINCE JAN 1     23.83                     15.11   8.72    11.50

SNOWFALL (IN)
  YESTERDAY        0.0          MM      MM   0.0    0.0      0.0
  MONTH TO DATE    T                         0.0    0.0      0.0
  SINCE MAR 1      T                         0.4   -0.4       T
  SINCE JUL 1      1.5                       4.4   -2.9      0.8
  SNOW DEPTH       0

DEGREE DAYS
 HEATING
  YESTERDAY        7                         3      4        2
  MONTH TO DATE  259                       114    145       37
  SINCE MAR 1    557                       474     83      308
  SINCE JUL 1   3004                      2960     44     2141

 COOLING
  YESTERDAY        0                         3     -3        0
  MONTH TO DATE    6                        39    -33       68
  SINCE MAR 1     18                        56    -38       95
  SINCE JAN 1     21                        58    -37      112
..................................................................


WIND (MPH)
  HIGHEST WIND SPEED    17   HIGHEST WIND DIRECTION    SE (130)
  HIGHEST GUST SPEED    21   HIGHEST GUST DIRECTION     E (90)
  AVERAGE WIND SPEED     8.2


SKY COVER
  POSSIBLE SUNSHINE  MM
  AVERAGE SKY COVER  MM


WEATHER CONDITIONS
 THE FOLLOWING WEATHER WAS RECORDED YESTERDAY.
  RAIN
  LIGHT RAIN
  FOG


RELATIVE HUMIDITY (PERCENT)
 HIGHEST    MM
 LOWEST     MM
 AVERAGE    MM

..........................................................


THE NORTH LITTLE ROCK CLIMATE NORMALS FOR TODAY
                         NORMAL    RECORD    YEAR
 MAXIMUM TEMPERATURE (F)   75        89      1980
 MINIMUM TEMPERATURE (F)   55        38      1978


SUNRISE AND SUNSET
APRIL 22 2018.........SUNRISE   629 AM CDT   SUNSET   747 PM CDT
APRIL 23 2018.........SUNRISE   627 AM CDT   SUNSET   748 PM CDT


-  INDICATES NEGATIVE NUMBERS.
R  INDICATES RECORD WAS SET OR TIED.
MM INDICATES DATA IS MISSING.
T  INDICATES TRACE AMOUNT.




$$
