000
CDUS44 KLZK 240639
CLIPBF


CLIMATE REPORT
NATIONAL WEATHER SERVICE LITTLE ROCK AR
139 AM CDT TUE APR 24 2018


...................................

...THE PINE BLUFF CLIMATE SUMMARY FOR APRIL 23 2018...

CLIMATE NORMAL PERIOD 1981 TO 2010
CLIMATE RECORD PERIOD 1883 TO 2018


WEATHER ITEM   OBSERVED TIME   RECORD YEAR NORMAL DEPARTURE LAST
                VALUE   (LST)  VALUE       VALUE  FROM      YEAR
                                                  NORMAL
..................................................................
TEMPERATURE (F)
 YESTERDAY
  MAXIMUM         64    101 PM  96    1905  76    -12       69
  MINIMUM         53    446 AM  38    1931  54     -1       50
  AVERAGE         59                        65     -6       60

PRECIPITATION (IN)
  YESTERDAY        T             4.05 1941   0.17  -0.17      T
  MONTH TO DATE    7.87                      3.78   4.09     4.07
  SINCE MAR 1     13.55                      9.18   4.37     7.17
  SINCE JAN 1     31.37                     17.00  14.37    13.47

SNOWFALL (IN)
  YESTERDAY        0.0          MM      MM   0.0    0.0      0.0
  MONTH TO DATE    T                         0.0    0.0      0.0
  SINCE MAR 1      T                         0.0    0.0      0.0
  SINCE JUL 1      4.1                       3.1    1.0      1.5
  SNOW DEPTH       0

DEGREE DAYS
 HEATING
  YESTERDAY        6                         3      3        5
  MONTH TO DATE  219                       114    105       42
  SINCE MAR 1    479                       461     18      289
  SINCE JUL 1   2893                      2849     44     2000

 COOLING
  YESTERDAY        0                         3     -3        0
  MONTH TO DATE   13                        43    -30       80
  SINCE MAR 1     36                        60    -24      116
  SINCE JAN 1     52                        63    -11      137
..................................................................


WIND (MPH)
  HIGHEST WIND SPEED    15   HIGHEST WIND DIRECTION     W (280)
  HIGHEST GUST SPEED    19   HIGHEST GUST DIRECTION     W (280)
  AVERAGE WIND SPEED     6.2


SKY COVER
  POSSIBLE SUNSHINE  MM
  AVERAGE SKY COVER 0.9


WEATHER CONDITIONS
 THE FOLLOWING WEATHER WAS RECORDED YESTERDAY.
  LIGHT RAIN
  FOG


RELATIVE HUMIDITY (PERCENT)
 HIGHEST    93           200 AM
 LOWEST     72           100 PM
 AVERAGE    83

..........................................................


THE PINE BLUFF CLIMATE NORMALS FOR TODAY
                         NORMAL    RECORD    YEAR
 MAXIMUM TEMPERATURE (F)   76        90      1965
 MINIMUM TEMPERATURE (F)   54        41      1982
                                             1951
                                             1910


SUNRISE AND SUNSET
APRIL 24 2018.........SUNRISE   626 AM CDT   SUNSET   746 PM CDT
APRIL 25 2018.........SUNRISE   625 AM CDT   SUNSET   747 PM CDT


-  INDICATES NEGATIVE NUMBERS.
R  INDICATES RECORD WAS SET OR TIED.
MM INDICATES DATA IS MISSING.
T  INDICATES TRACE AMOUNT.




$$
