109
CDUS44 KMEG 210641
CLIJBR


CLIMATE REPORT
NATIONAL WEATHER SERVICE MEMPHIS TN
140 AM CDT SAT APR 21 2018


...................................

...THE JONESBORO CLIMATE SUMMARY FOR APRIL 20 2018...

CLIMATE NORMAL PERIOD 1981 TO 2010
CLIMATE RECORD PERIOD 1897 TO 2018


WEATHER ITEM   OBSERVED TIME   RECORD YEAR NORMAL DEPARTURE LAST
                VALUE   (LST)  VALUE       VALUE  FROM      YEAR
                                                  NORMAL
..................................................................
TEMPERATURE (F)
 YESTERDAY
  MAXIMUM         67    412 PM  93    1987  72     -5       83
  MINIMUM         38    513 AM  34    1953  51    -13       59
                                      1926
  AVERAGE         53                        61     -8       71

PRECIPITATION (IN)
  YESTERDAY        0.00          3.50 1973   0.18  -0.18     0.00
  MONTH TO DATE    2.61                      3.19  -0.58     1.10
  SINCE MAR 1      6.48                      7.69  -1.21     7.37
  SINCE JAN 1     23.13                     14.84   8.29    12.98

DEGREE DAYS
 HEATING
  YESTERDAY       12                         5      7        0
  MONTH TO DATE  286                       158    128       58
  SINCE MAR 1    684                       622     62      422
  SINCE JUL 1   3467                      3578   -111     2555

 COOLING
  YESTERDAY        0                         2     -2        6
  MONTH TO DATE    9                        21    -12       49
  SINCE MAR 1     11                        27    -16       55
  SINCE JAN 1     16                        27    -11       59
..................................................................


WIND (MPH)
  HIGHEST WIND SPEED    18   HIGHEST WIND DIRECTION    NE (40)
  HIGHEST GUST SPEED    23   HIGHEST GUST DIRECTION    NE (50)
  AVERAGE WIND SPEED    10.1


SKY COVER
  POSSIBLE SUNSHINE  MM
  AVERAGE SKY COVER 0.0


WEATHER CONDITIONS
 THE FOLLOWING WEATHER WAS RECORDED YESTERDAY.
  NO SIGNIFICANT WEATHER WAS OBSERVED.


RELATIVE HUMIDITY (PERCENT)
 HIGHEST    85           400 AM
 LOWEST     28           400 PM
 AVERAGE    57

..........................................................


THE JONESBORO CLIMATE NORMALS FOR TODAY
                         NORMAL    RECORD    YEAR
 MAXIMUM TEMPERATURE (F)   72        93      1987
 MINIMUM TEMPERATURE (F)   51        35      1978


SUNRISE AND SUNSET
APRIL 21 2018.........SUNRISE   622 AM CDT   SUNSET   741 PM CDT
APRIL 22 2018.........SUNRISE   621 AM CDT   SUNSET   742 PM CDT


-  INDICATES NEGATIVE NUMBERS.
R  INDICATES RECORD WAS SET OR TIED.
MM INDICATES DATA IS MISSING.
T  INDICATES TRACE AMOUNT.




$$
