000
CXUS54 KMEG 042207
CLMJBR
CLIMATE REPORT
NATIONAL WEATHER SERVICE MEMPHIS TN
507 PM CDT TUE JUL 04 2023
...................................
...THE JONESBORO CLIMATE SUMMARY FOR THE MONTH OF JUNE 2023...
CLIMATE NORMAL PERIOD 1991 TO 2020
CLIMATE RECORD PERIOD 1897 TO 2023
WEATHER OBSERVED NORMAL DEPART LAST YEAR`S
VALUE DATE(S) VALUE FROM VALUE DATE(S)
NORMAL
................................................................
TEMPERATURE (F)
RECORD
HIGH 110 06/29/1901
LOW 41 06/05/1897
06/01/1897
HIGHEST 98 06/29 91 7 MM
06/30
LOWEST 59 06/13 65 -6 MM
AVG. MAXIMUM 88.7 89.6 -0.9 MM
AVG. MINIMUM 68.0 68.3 -0.3 MM
MEAN 78.3 78.9 -0.6 MM
DAYS MAX >= 90 12 16.0 -4.0 MM
DAYS MAX <= 32 0 0.0 0.0 MM
DAYS MIN <= 32 0 0.0 0.0 MM
DAYS MIN <= 0 0 0.0 0.0 MM
PRECIPITATION (INCHES)
RECORD
MAXIMUM 11.02 1928
MINIMUM 0.08 1952
TOTALS 4.32 3.05 1.27 MM
DAILY AVG. 0.14 0.10 0.04 MM
DAYS >= .01 7 8.4 -1.4 MM
DAYS >= .10 7 5.0 2.0 MM
DAYS >= .50 4 2.3 1.7 MM
DAYS >= 1.00 1 0.8 0.2 MM
GREATEST
24 HR. TOTAL 1.36 06/14 TO 06/15
SNOWFALL (INCHES)
RECORDS
TOTAL MM MM
TOTALS MM MM MM MM
SINCE 7/1 MM MM MM MM
SNOWDEPTH AVG. MM MM
DAYS >= 1.0 MM MM MM MM
GREATEST
SNOW DEPTH MM MM
24 HR TOTAL MM
DEGREE DAYS
HEATING TOTAL 0 0 0 MM
SINCE 7/1 2837 3448 -611 MM
COOLING TOTAL 407 419 -12 MM
SINCE 1/1 696 672 24 MM
................................................................
WIND (MPH)
AVERAGE WIND SPEED 6.3
HIGHEST WIND SPEED/DIRECTION 48/230 DATE 06/25
HIGHEST GUST SPEED/DIRECTION 59/280 DATE 06/25
SKY COVER
POSSIBLE SUNSHINE (PERCENT) MM
AVERAGE SKY COVER 0.16
NUMBER OF DAYS FAIR 25
NUMBER OF DAYS PC 5
NUMBER OF DAYS CLOUDY 0
AVERAGE RH (PERCENT) 65
WEATHER CONDITIONS. NUMBER OF DAYS WITH
THUNDERSTORM 11 MIXED PRECIP 0
HEAVY RAIN 7 RAIN 5
LIGHT RAIN 10 FREEZING RAIN 0
LT FREEZING RAIN 0 HAIL 0
HEAVY SNOW 0 SNOW 0
LIGHT SNOW 0 SLEET 0
FOG 9 FOG W/VIS <= 1/4 MILE 4
HAZE 6
- INDICATES NEGATIVE NUMBERS.
R INDICATES RECORD WAS SET OR TIED.
MM INDICATES DATA IS MISSING.
T INDICATES TRACE AMOUNT.
$$