000
CXUS53 KMPX 012107
CLMEAU


CLIMATE REPORT
NATIONAL WEATHER SERVICE CHANHASSEN MN
257 PM CST THU FEB 1 2018

...................................

...THE EAU CLAIRE WI CLIMATE SUMMARY FOR THE MONTH OF JANUARY 2018...

CLIMATE NORMAL PERIOD 1981 TO 2010
CLIMATE RECORD PERIOD 1893 TO 2018

WEATHER         OBSERVED          NORMAL  DEPART  LAST YEAR`S
                 VALUE   DATE(S)  VALUE   FROM    VALUE  DATE(S)
                                          NORMAL
................................................................
TEMPERATURE (F)
RECORD
 HIGH              55   01/26/1944
                        01/25/1944
 LOW              -45   01/30/1951
HIGHEST            45   01/26        35      10       40  01/19
LOWEST            -24   01/14       -13     -11      -15  01/08
                                                          01/06
AVG. MAXIMUM     23.5              23.4     0.1     24.9
AVG. MINIMUM      4.2               5.4    -1.2     10.7
MEAN             13.9              14.4    -0.5     17.8
DAYS MAX >= 90      0               0.0     0.0        0
DAYS MAX <= 32     20              22.5    -2.5       20
DAYS MIN <= 32     30              30.7    -0.7       27
DAYS MIN <= 0      14              11.0     3.0        9

PRECIPITATION (INCHES)
RECORD
 MAXIMUM         3.47   1967
 MINIMUM         0.10   1981
TOTALS           1.26              0.89    0.37     2.35
DAILY AVG.       0.04              0.03    0.01     0.08
DAYS >= .01         7               8.4    -1.4       16
DAYS >= .10         4               2.6     1.4        8
DAYS >= .50         0               0.2    -0.2        1
DAYS >= 1.00        0               0.0     0.0        0
GREATEST
 24 HR. TOTAL    0.49   01/22 TO 01/22

SNOWFALL (INCHES)
RECORDS
 TOTAL           29.8   1997
TOTALS           15.2              13.2     2.0     17.3
SINCE 7/1        25.8              29.0    -3.2     38.2
SNOWDEPTH AVG.      4                 7      -3        6
DAYS >= 1.0         6               3.5     2.5        6
GREATEST
 SNOW DEPTH         8   01/24                         10  01/15
                        01/23                             01/14
                                                          01/13
 24 HR TOTAL      5.8   01/22 TO 01/22

DEGREE_DAYS
HEATING TOTAL    1581              1568      13     1454
 SINCE 7/1       4730              4744     -14     4074
COOLING TOTAL       0                 0       0        0
 SINCE 1/1          0                 0       0        0
.................................................................

WIND (MPH)
AVERAGE WIND SPEED              7.3
HIGHEST WIND SPEED/DIRECTION    25/280    DATE  01/26
HIGHEST GUST SPEED/DIRECTION    37/030    DATE  01/22

SKY COVER
POSSIBLE SUNSHINE (PERCENT)   MM
AVERAGE SKY COVER           0.40
NUMBER OF DAYS FAIR           16
NUMBER OF DAYS PC              7
NUMBER OF DAYS CLOUDY          8

AVERAGE RH (PERCENT)     78

WEATHER CONDITIONS. NUMBER OF DAYS WITH
THUNDERSTORM              0     MIXED PRECIP               0
HEAVY RAIN                0     RAIN                       0
LIGHT RAIN                2     FREEZING RAIN              0
LT FREEZING RAIN          0     HAIL                       0
HEAVY SNOW                1     SNOW                       3
LIGHT SNOW               15     SLEET                      0
FOG                      22     FOG W/VIS <= 1/4 MILE      3
HAZE                     17

-  INDICATES NEGATIVE NUMBERS.
R  INDICATES RECORD WAS SET OR TIED.
MM INDICATES DATA IS MISSING.
T  INDICATES TRACE AMOUNT.

$$
