000
CXUS53 KMPX 012144
CLMEAU
CLIMATE REPORT
NATIONAL WEATHER SERVICE TWIN CITIES/CHANHASSEN MN
444 PM CDT MON MAY 01 2023
...................................
...THE EAU CLAIRE WI CLIMATE SUMMARY FOR THE MONTH OF APRIL 2023...
CLIMATE NORMAL PERIOD 1991 TO 2020
CLIMATE RECORD PERIOD 1893 TO 2023
WEATHER OBSERVED NORMAL DEPART LAST YEAR`S
VALUE DATE(S) VALUE FROM VALUE DATE(S)
NORMAL
................................................................
TEMPERATURE (F)
RECORD
HIGH 91 04/15/2002
LOW 0 04/01/1924
HIGHEST 89 04/12 68 21 72 04/23
LOWEST 17 04/07 27 -10 19 04/01
04/17
AVG. MAXIMUM 55.5 56.5 -1.0 50.2
AVG. MINIMUM 34.1 33.2 0.9 30.8
MEAN 44.8 44.8 0.0 40.5
DAYS MAX >= 90 0 0.1 -0.1 0
DAYS MAX <= 32 0 0.8 -0.8 0
DAYS MIN <= 32 16 14.1 1.9 19
DAYS MIN <= 0 0 0.0 0.0 0
PRECIPITATION (INCHES)
RECORD
MAXIMUM 6.11 1954
MINIMUM 0.51 1905
TOTALS 2.92 3.08 -0.16 5.43
DAILY AVG. 0.10 0.10 -0.00 0.18
DAYS >= .01 13 11.8 1.2 14
DAYS >= .10 7 6.8 0.2 9
DAYS >= .50 2 2.1 -0.1 1
DAYS >= 1.00 1 0.7 0.3 1
GREATEST
24 HR. TOTAL 1.09 04/20 TO 04/20
SNOWFALL (INCHES)
RECORDS
TOTAL 18.6 2018
TOTALS 3.3 4.3 -1.0 1.0
SINCE 7/1 75.2 55.0 20.2 MM
SNOWDEPTH AVG. 0 0
DAYS >= 1.0 2 1.3 0.7 0
GREATEST
SNOW DEPTH 3 04/01 1 04/08
24 HR TOTAL 1.3 04/01 TO 04/01
DEGREE DAYS
HEATING TOTAL 620 607 13 728
SINCE 7/1 7368 7602 -234 MM
COOLING TOTAL 21 2 19 0
SINCE 1/1 21 2 19 MM
................................................................
WIND (MPH)
AVERAGE WIND SPEED 10.0
HIGHEST WIND SPEED/DIRECTION 31/250 DATE 04/05
HIGHEST GUST SPEED/DIRECTION 44/260 DATE 04/05
SKY COVER
POSSIBLE SUNSHINE (PERCENT) MM
AVERAGE SKY COVER 0.52
NUMBER OF DAYS FAIR 13
NUMBER OF DAYS PC 6
NUMBER OF DAYS CLOUDY 11
AVERAGE RH (PERCENT) 63
WEATHER CONDITIONS. NUMBER OF DAYS WITH
THUNDERSTORM 3 MIXED PRECIP 0
HEAVY RAIN 1 RAIN 5
LIGHT RAIN 12 FREEZING RAIN 0
LT FREEZING RAIN 0 HAIL 0
HEAVY SNOW 1 SNOW 2
LIGHT SNOW 7 SLEET 0
FOG 12 FOG W/VIS <= 1/4 MILE 2
HAZE 0
- INDICATES NEGATIVE NUMBERS.
R INDICATES RECORD WAS SET OR TIED.
MM INDICATES DATA IS MISSING.
T INDICATES TRACE AMOUNT.
$$