359
CXUS53 KMPX 011140
CLMEAU


CLIMATE REPORT
NATIONAL WEATHER SERVICE CHANHASSEN MN
540 AM CST THU MAR 1 2018

...................................

...THE EAU CLAIRE WI CLIMATE SUMMARY FOR THE MONTH OF FEBRUARY 2018...

CLIMATE NORMAL PERIOD 1981 TO 2010
CLIMATE RECORD PERIOD 1893 TO 2018

WEATHER         OBSERVED          NORMAL  DEPART  LAST YEAR`S
                 VALUE   DATE(S)  VALUE   FROM    VALUE  DATE(S)
                                          NORMAL
................................................................
TEMPERATURE (F)
RECORD
 HIGH              61   02/27/2016
                        02/24/1931
 LOW              -40   02/10/1899
HIGHEST            48   02/27        44       4       60  02/19
LOWEST            -14   02/02       -10      -4       -3  02/03
AVG. MAXIMUM     24.7              28.9    -4.2     37.0
AVG. MINIMUM      2.6               9.9    -7.3     18.3
MEAN             13.6              19.4    -5.8     27.6
DAYS MAX >= 90      0               0.0     0.0        0
DAYS MAX <= 32     20              15.8     4.2       11
DAYS MIN <= 32     28              27.1     0.9       24
DAYS MIN <= 0      14               7.7     6.3        3

PRECIPITATION (INCHES)
RECORD
 MAXIMUM         3.10   1922
 MINIMUM         0.02   1958
TOTALS           1.20              0.81    0.39     1.73
DAILY AVG.       0.04              0.03    0.01     0.06
DAYS >= .01        10               7.2     2.8        3
DAYS >= .10         4               2.3     1.7        2
DAYS >= .50         0               0.3    -0.3        2
DAYS >= 1.00        0               0.0     0.0        0
GREATEST
 24 HR. TOTAL    0.34   02/24 TO 02/24

SNOWFALL (INCHES)
RECORDS
 TOTAL           24.3   5
                        0
TOTALS           13.2               7.3     5.9     10.7
SINCE 7/1        39.0              36.3     2.7     48.9
SNOWDEPTH AVG.      6                 7      -1        4
DAYS >= 1.0         4               2.6     1.4        1
GREATEST
 SNOW DEPTH        10   02/25                          8  02/26
                                                          02/25
                                                          02/24
 24 HR TOTAL      3.6   02/24 TO 02/24

DEGREE_DAYS
HEATING TOTAL    1432              1276     156     1036
 SINCE 7/1       6162              6020     142     5110
COOLING TOTAL       0                 0       0        0
 SINCE 1/1          0                 0       0        0
.................................................................

WIND (MPH)
AVERAGE WIND SPEED              7.1
HIGHEST WIND SPEED/DIRECTION    30/170    DATE  02/18
HIGHEST GUST SPEED/DIRECTION    41/170    DATE  02/18

SKY COVER
POSSIBLE SUNSHINE (PERCENT)   MM
AVERAGE SKY COVER           0.40
NUMBER OF DAYS FAIR           16
NUMBER OF DAYS PC              7
NUMBER OF DAYS CLOUDY          5

AVERAGE RH (PERCENT)     73

WEATHER CONDITIONS. NUMBER OF DAYS WITH
THUNDERSTORM              0     MIXED PRECIP               0
HEAVY RAIN                0     RAIN                       0
LIGHT RAIN                0     FREEZING RAIN              2
LT FREEZING RAIN          4     HAIL                       0
HEAVY SNOW                1     SNOW                       3
LIGHT SNOW               12     SLEET                      0
FOG                      18     FOG W/VIS <= 1/4 MILE      4
HAZE                     12

-  INDICATES NEGATIVE NUMBERS.
R  INDICATES RECORD WAS SET OR TIED.
MM INDICATES DATA IS MISSING.
T  INDICATES TRACE AMOUNT.

$$
