000
CXUS54 KLZK 290227
CF6LZK
PRELIMINARY LOCAL CLIMATOLOGICAL DATA (WS FORM: F-6)
STATION: NORTH LITTLE ROCK
MONTH: DECEMBER
YEAR: 2021
LATITUDE: 34 50 N
LONGITUDE: 92 16 W
TEMPERATURE IN F: :PCPN: SNOW: WIND :SUNSHINE: SKY :PK WND
================================================================================
1 2 3 4 5 6A 6B 7 8 9 10 11 12 13 14 15 16 17 18
12Z AVG MX 2MIN
DY MAX MIN AVG DEP HDD CDD WTR SNW DPTH SPD SPD DIR MIN PSBL S-S WX SPD DR
================================================================================
1 65 51 58 12 7 0 0.00 0.0 0 9.7 15 220 M M 1 24 220
2 76 47 62 16 3 0 0.00 0.0 0 6.9 10 270 M M 0 1 12 250
3 71 51 61 15 4 0 T 0.0 0 9.8 17 210 M M 5 23 210
4 63 54 59 13 6 0 0.37 0.0 0 5.9 12 330 M M 10 18 330
5 70 53 62 17 3 0 0.04 0.0 0 9.1 22 210 M M 10 1 32 220
6 66 33 50 5 15 0 0.17 0.0 0 12.3 21 350 M M 3 3 32 10
7 47 30 39 -6 26 0 0.00 0.0 0 7.1 13 110 M M 3 21 80
8 54 33 44 -1 21 0 0.00 0.0 0 3.0 10 170 M M 4 M M
9 62 41 52 8 13 0 T 0.0 0 10.5 17 200 M M 10 12 24 200
10 76 61 69 25 0 4 1.40 0.0 0 14.5 30 270 M M 9 123 44 270
11 63 36 50 6 15 0 0.08 0.0 0 11.0 23 290 M M 3 32 290
12 51 32 42 -2 23 0 0.00 0.0 0 6.2 12 180 M M 0 15 180
13 61 34 48 4 17 0 0.00 0.0 0 6.0 10 200 M M 4 14 210
14 64 50 57 14 8 0 0.03 0.0 0 6.1 10 180 M M 10 16 170
15 68 61 65 22 0 0 0.00 0.0 0 12.0 17 190 M M 10 25 180
16 71 53 62 19 3 0 0.04 0.0 0 11.4 18 350 M M 10 27 350
17 63 48 56 13 9 0 0.36 0.0 0 7.6 15 60 M M 8 123 21 60
18 63 36 50 7 15 0 1.09 0.0 0 10.0 17 350 M M 6 123 25 330
19 42 30 36 -6 29 0 0.00 0.0 0 6.9 10 20 M M 2 18 20
20 40 29 35 -7 30 0 0.01 0.0 0 2.7 7 20 M M 4 M M
21 55 33 44 2 21 0 0.00 0.0 0 6.1 12 300 M M 3 17 300
22 51 38 45 3 20 0 0.00 0.0 0 7.2 13 310 M M 0 12 80
23 62 39 51 9 14 0 0.00 0.0 0 10.5 18 210 M M 8 29 210
24 70 56 63 21 2 0 0.00 0.0 0 17.6 28 220 M M 9 38 220
25 76 61 69 27 0 4 0.00 0.0 0 12.8 25 220 M M 4 35 220
26 66 56 61 20 4 0 0.00 0.0 0 6.4 13 180 M M 7 17 180
27 72 61 67 26 0 2 0.00 0.0 0 10.4 21 210 M M 7 28 210
28 72 59 66 25 0 1 0.00 0.0 0 10.9 18 220 M M 7 29 220
29 61 49 55 14 10 0 1.52 0.0 0 4.3 14 20 M M 8 12 22 350
30 63 45 54 13 11 0 T 0.0 0 5.1 13 210 M M 7 12 18 200
31 67 56 62 21 3 0 T 0.0 0 8.7 15 220 M M 9 23 210
================================================================================
SM 1951 1416 332 11 5.11 0.0 268.5 M 181
================================================================================
AV 62.9 45.7 8.7 FASTST M M 6 MAX(MPH)
MISC ----> 30 270 44 270
================================================================================
NOTES:
# LAST OF SEVERAL OCCURRENCES
COLUMN 17 PEAK WIND IN M.P.H.
PRELIMINARY LOCAL CLIMATOLOGICAL DATA (WS FORM: F-6) , PAGE 2
STATION: NORTH LITTLE ROCK
MONTH: DECEMBER
YEAR: 2021
LATITUDE: 34 50 N
LONGITUDE: 92 16 W
[TEMPERATURE DATA] [PRECIPITATION DATA] SYMBOLS USED IN COLUMN 16
AVERAGE MONTHLY: 54.3 TOTAL FOR MONTH: 5.11 1 = FOG OR MIST
DPTR FM NORMAL: 11.1 DPTR FM NORMAL: 0.01 2 = FOG REDUCING VISIBILITY
HIGHEST: 76 ON 25, 2 GRTST 24HR 1.52 ON 29-29 TO 1/4 MILE OR LESS
LOWEST: 29 ON 20 3 = THUNDER
SNOW, ICE PELLETS, HAIL 4 = ICE PELLETS
TOTAL MONTH: 0.0 INCH 5 = HAIL
GRTST 24HR 0.0 6 = FREEZING RAIN OR DRIZZLE
GRTST DEPTH: 0 7 = DUSTSTORM OR SANDSTORM:
VSBY 1/2 MILE OR LESS
8 = SMOKE OR HAZE
[NO. OF DAYS WITH] [WEATHER - DAYS WITH] 9 = BLOWING SNOW
X = TORNADO
MAX 32 OR BELOW: 0 0.01 INCH OR MORE: 11
MAX 90 OR ABOVE: 0 0.10 INCH OR MORE: 6
MIN 32 OR BELOW: 4 0.50 INCH OR MORE: 3
MIN 0 OR BELOW: 0 1.00 INCH OR MORE: 3
[HDD (BASE 65) ]
TOTAL THIS MO. 332 CLEAR (SCALE 0-3) 9
DPTR FM NORMAL -344 PTCLDY (SCALE 4-7) 12
TOTAL FM JUL 1 841 CLOUDY (SCALE 8-10) 10
DPTR FM NORMAL -407
[CDD (BASE 65) ]
TOTAL THIS MO. 11
DPTR FM NORMAL 10 [PRESSURE DATA]
TOTAL FM JAN 1 2037 HIGHEST SLP 30.39 ON 19
DPTR FM NORMAL 28 LOWEST SLP 29.53 ON 28
[REMARKS]
#FINAL-12-21#