000
CDUS43 KMKX 130647
CLIMKE


CLIMATE REPORT
NATIONAL WEATHER SERVICE IN MILWAUKEE
144 AM CDT FRI APR 13 2018


...................................

...THE MILWAUKEE WI CLIMATE SUMMARY FOR APRIL 12 2018...

CLIMATE NORMAL PERIOD 1981 TO 2010
CLIMATE RECORD PERIOD 1871 TO 2018


WEATHER ITEM   OBSERVED TIME   RECORD YEAR NORMAL DEPARTURE LAST
                VALUE   (LST)  VALUE       VALUE  FROM      YEAR
                                                  NORMAL
..................................................................
TEMPERATURE (F)
 YESTERDAY
  MAXIMUM         63    944 AM  82    1977  53     10       53
                                      1941
  MINIMUM         38   1159 PM  19    1939  36      2       36
  AVERAGE         51                        44      7       45

PRECIPITATION (IN)
  YESTERDAY        0.02          1.01 1952   0.13  -0.11     0.01
  MONTH TO DATE    0.63                      1.43  -0.80     2.09
  SINCE MAR 1      1.29                      3.70  -2.41     5.81
  SINCE JAN 1      6.11                      7.11  -1.00     9.82

SNOWFALL (IN)
  YESTERDAY        0.0           4.0  1900   0.0    0.0      0.0
  MONTH TO DATE    2.2                       1.2    1.0      0.0
  SINCE MAR 1      6.2                       8.2   -2.0     13.6
  SINCE JUL 1     38.9                      46.0   -7.1     37.6
  SNOW DEPTH       0

DEGREE DAYS
 HEATING
  YESTERDAY       14                        21     -7       20
  MONTH TO DATE  364                       274     90      194
  SINCE MAR 1   1288                      1203     85     1081
  SINCE JUL 1   5900                      6183   -283     5080

 COOLING
  YESTERDAY        0                         0      0        0
  MONTH TO DATE    0                         0      0        1
  SINCE MAR 1      0                         0      0        1
  SINCE JAN 1      0                         0      0        1
..................................................................


WIND (MPH)
  HIGHEST WIND SPEED    21   HIGHEST WIND DIRECTION    NE (50)
  HIGHEST GUST SPEED    29   HIGHEST GUST DIRECTION    NW (300)
  AVERAGE WIND SPEED    12.4


SKY COVER
  POSSIBLE SUNSHINE  MM
  AVERAGE SKY COVER 0.7


WEATHER CONDITIONS
 THE FOLLOWING WEATHER WAS RECORDED YESTERDAY.
  RAIN
  LIGHT RAIN
  FOG


RELATIVE HUMIDITY (PERCENT)
 HIGHEST    93          1200 AM
 LOWEST     56          1000 AM
 AVERAGE    75

..........................................................


THE MILWAUKEE WI CLIMATE NORMALS FOR TODAY
                         NORMAL    RECORD    YEAR
 MAXIMUM TEMPERATURE (F)   53        79      1899
 MINIMUM TEMPERATURE (F)   37        19      1950


SUNRISE AND SUNSET
APRIL 13 2018.........SUNRISE   613 AM CDT   SUNSET   732 PM CDT
APRIL 14 2018.........SUNRISE   612 AM CDT   SUNSET   733 PM CDT


-  INDICATES NEGATIVE NUMBERS.
R  INDICATES RECORD WAS SET OR TIED.
MM INDICATES DATA IS MISSING.
T  INDICATES TRACE AMOUNT.




$$
