000
CDUS43 KMKX 212242
CLIMKE


CLIMATE REPORT
NATIONAL WEATHER SERVICE IN MILWAUKEE
540 PM CDT MON MAY 21 2018


...................................

...THE MILWAUKEE WI CLIMATE SUMMARY FOR MAY 21 2018...
VALID TODAY AS OF 0500 PM LOCAL TIME.

CLIMATE NORMAL PERIOD 1981 TO 2010
CLIMATE RECORD PERIOD 1871 TO 2018


WEATHER ITEM   OBSERVED TIME   RECORD YEAR NORMAL DEPARTURE LAST
                VALUE   (LST)  VALUE       VALUE  FROM      YEAR
                                                  NORMAL
..................................................................
TEMPERATURE (F)
 TODAY
  MAXIMUM         54   1205 PM  89    1934  67    -13       63
                                      1921
  MINIMUM         45    100 AM  32    1883  48     -3       50
  AVERAGE         50                        57     -7       57

PRECIPITATION (IN)
  TODAY            0.48          1.38 1917   0.11   0.37     0.01
  MONTH TO DATE    6.23                      2.23   4.00     1.63
  SINCE MAR 1     10.00                      8.06   1.94    11.58
  SINCE JAN 1     14.82                     11.47   3.35    15.59

SNOWFALL (IN)
  TODAY            0.0           T    1969   0.0    0.0      0.0
  MONTH TO DATE    0.0                       0.1   -0.1      0.0
  SINCE MAR 1     14.0                       9.1    4.9     13.6
  SINCE JUL 1     46.7                      46.9   -0.2     37.6
  SNOW DEPTH       0

DEGREE DAYS
 HEATING
  TODAY           15                         9      6        8
  MONTH TO DATE  177                       241    -64      267
  SINCE MAR 1   1877                      1758    119     1572
  SINCE JUL 1   6489                      6738   -249     5571

 COOLING
  TODAY            0                         1     -1        0
  MONTH TO DATE   24                        11     13       15
  SINCE MAR 1     24                        16      8       18
  SINCE JAN 1     24                        16      8       18
..................................................................


WIND (MPH)
  HIGHEST WIND SPEED    15   HIGHEST WIND DIRECTION     E (110)
  HIGHEST GUST SPEED    20   HIGHEST GUST DIRECTION     E (100)
  AVERAGE WIND SPEED     6.0


SKY COVER
  POSSIBLE SUNSHINE  MM
  AVERAGE SKY COVER 0.9


WEATHER CONDITIONS
 THE FOLLOWING WEATHER WAS RECORDED TODAY.
  RAIN
  LIGHT RAIN
  FOG
  FOG W/VISIBILITY <= 1/4 MILE


RELATIVE HUMIDITY (PERCENT)
 HIGHEST   100           800 AM
 LOWEST     76           400 AM
 AVERAGE    88

..........................................................


THE MILWAUKEE WI CLIMATE NORMALS FOR TOMORROW
                         NORMAL    RECORD    YEAR
 MAXIMUM TEMPERATURE (F)   67        91      1925
 MINIMUM TEMPERATURE (F)   48        33      1963


SUNRISE AND SUNSET
MAY 21 2018...........SUNRISE   523 AM CDT   SUNSET   814 PM CDT
MAY 22 2018...........SUNRISE   522 AM CDT   SUNSET   815 PM CDT


-  INDICATES NEGATIVE NUMBERS.
R  INDICATES RECORD WAS SET OR TIED.
MM INDICATES DATA IS MISSING.
T  INDICATES TRACE AMOUNT.




$$
