926
CDUS43 KMKX 140646
CLIMKE


CLIMATE REPORT
NATIONAL WEATHER SERVICE IN MILWAUKEE
143 AM CDT SAT APR 14 2018


...................................

...THE MILWAUKEE WI CLIMATE SUMMARY FOR APRIL 13 2018...

CLIMATE NORMAL PERIOD 1981 TO 2010
CLIMATE RECORD PERIOD 1871 TO 2018


WEATHER ITEM   OBSERVED TIME   RECORD YEAR NORMAL DEPARTURE LAST
                VALUE   (LST)  VALUE       VALUE  FROM      YEAR
                                                  NORMAL
..................................................................
TEMPERATURE (F)
 YESTERDAY
  MAXIMUM         40    957 AM  79    1899  53    -13       49
  MINIMUM         37   1159 PM  19    1950  37      0       41
  AVERAGE         39                        45     -6       45

PRECIPITATION (IN)
  YESTERDAY        0.26          1.49 2014   0.13   0.13     0.24
  MONTH TO DATE    0.89                      1.56  -0.67     2.33
  SINCE MAR 1      1.55                      3.83  -2.28     6.05
  SINCE JAN 1      6.37                      7.24  -0.87    10.06

SNOWFALL (IN)
  YESTERDAY        0.0           0.8  1962   0.1   -0.1      0.0
  MONTH TO DATE    2.2                       1.3    0.9      0.0
  SINCE MAR 1      6.2                       8.3   -2.1     13.6
  SINCE JUL 1     38.9                      46.1   -7.2     37.6
  SNOW DEPTH       0

DEGREE DAYS
 HEATING
  YESTERDAY       26                        20      6       20
  MONTH TO DATE  390                       294     96      214
  SINCE MAR 1   1314                      1223     91     1101
  SINCE JUL 1   5926                      6203   -277     5100

 COOLING
  YESTERDAY        0                         0      0        0
  MONTH TO DATE    0                         0      0        1
  SINCE MAR 1      0                         0      0        1
  SINCE JAN 1      0                         0      0        1
..................................................................


WIND (MPH)
  HIGHEST WIND SPEED    29   HIGHEST WIND DIRECTION    NE (40)
  HIGHEST GUST SPEED    43   HIGHEST GUST DIRECTION     N (20)
  AVERAGE WIND SPEED    17.5


SKY COVER
  POSSIBLE SUNSHINE  MM
  AVERAGE SKY COVER 1.0


WEATHER CONDITIONS
 THE FOLLOWING WEATHER WAS RECORDED YESTERDAY.
  THUNDERSTORM
  RAIN
  LIGHT RAIN
  FOG


RELATIVE HUMIDITY (PERCENT)
 HIGHEST   100           500 PM
 LOWEST     85           600 AM
 AVERAGE    93

..........................................................


THE MILWAUKEE WI CLIMATE NORMALS FOR TODAY
                         NORMAL    RECORD    YEAR
 MAXIMUM TEMPERATURE (F)   53        85      2003
 MINIMUM TEMPERATURE (F)   37        22      1928
                                             1907


SUNRISE AND SUNSET
APRIL 14 2018.........SUNRISE   612 AM CDT   SUNSET   733 PM CDT
APRIL 15 2018.........SUNRISE   610 AM CDT   SUNSET   734 PM CDT


-  INDICATES NEGATIVE NUMBERS.
R  INDICATES RECORD WAS SET OR TIED.
MM INDICATES DATA IS MISSING.
T  INDICATES TRACE AMOUNT.




$$
