000
CDUS43 KMKX 100652
CLIMKE


CLIMATE REPORT
NATIONAL WEATHER SERVICE IN MILWAUKEE
147 AM CDT TUE APR 10 2018


...................................

...THE MILWAUKEE WI CLIMATE SUMMARY FOR APRIL 9 2018...

CLIMATE NORMAL PERIOD 1981 TO 2010
CLIMATE RECORD PERIOD 1871 TO 2018


WEATHER ITEM   OBSERVED TIME   RECORD YEAR NORMAL DEPARTURE LAST
                VALUE   (LST)  VALUE       VALUE  FROM      YEAR
                                                  NORMAL
..................................................................
TEMPERATURE (F)
 YESTERDAY
  MAXIMUM         37    641 PM  78    1887  51    -14       75
  MINIMUM         29    542 AM  20    1997  35     -6       56
                                      1989
                                      1928
  AVERAGE         33                        43    -10       66

PRECIPITATION (IN)
  YESTERDAY        0.03          3.18 2015   0.12  -0.09     0.00
  MONTH TO DATE    0.42                      1.04  -0.62     1.42
  SINCE MAR 1      1.08                      3.31  -2.23     5.14
  SINCE JAN 1      5.90                      6.72  -0.82     9.15

SNOWFALL (IN)
  YESTERDAY        0.5          11.6  1973   0.1    0.4      0.0
  MONTH TO DATE    2.2                       1.0    1.2      0.0
  SINCE MAR 1      6.2                       8.0   -1.8     13.6
  SINCE JUL 1     38.9                      45.8   -6.9     37.6
  SNOW DEPTH       T

DEGREE DAYS
 HEATING
  YESTERDAY       32                        22     10        0
  MONTH TO DATE  306                       210     96      146
  SINCE MAR 1   1230                      1139     91     1033
  SINCE JUL 1   5842                      6119   -277     5032

 COOLING
  YESTERDAY        0                         0      0        1
  MONTH TO DATE    0                         0      0        1
  SINCE MAR 1      0                         0      0        1
  SINCE JAN 1      0                         0      0        1
..................................................................


WIND (MPH)
  HIGHEST WIND SPEED    13   HIGHEST WIND DIRECTION     N (360)
  HIGHEST GUST SPEED    18   HIGHEST GUST DIRECTION    NE (30)
  AVERAGE WIND SPEED     6.3


SKY COVER
  POSSIBLE SUNSHINE  MM
  AVERAGE SKY COVER 0.8


WEATHER CONDITIONS
 THE FOLLOWING WEATHER WAS RECORDED YESTERDAY.
  LIGHT SNOW
  FOG


RELATIVE HUMIDITY (PERCENT)
 HIGHEST    92           500 AM
 LOWEST     45          1200 AM
 AVERAGE    69

..........................................................


THE MILWAUKEE WI CLIMATE NORMALS FOR TODAY
                         NORMAL    RECORD    YEAR
 MAXIMUM TEMPERATURE (F)   52        90      1930
 MINIMUM TEMPERATURE (F)   36        19      1989


SUNRISE AND SUNSET
APRIL 10 2018.........SUNRISE   618 AM CDT   SUNSET   728 PM CDT
APRIL 11 2018.........SUNRISE   616 AM CDT   SUNSET   729 PM CDT


-  INDICATES NEGATIVE NUMBERS.
R  INDICATES RECORD WAS SET OR TIED.
MM INDICATES DATA IS MISSING.
T  INDICATES TRACE AMOUNT.




$$
