000
CDUS43 KMKX 082129
CLIMKE


CLIMATE REPORT
NATIONAL WEATHER SERVICE IN MILWAUKEE
426 PM CDT SUN APR 8 2018


...................................

...THE MILWAUKEE WI CLIMATE SUMMARY FOR APRIL 8 2018...
VALID TODAY AS OF 0400 PM LOCAL TIME.

CLIMATE NORMAL PERIOD 1981 TO 2010
CLIMATE RECORD PERIOD 1871 TO 2018


WEATHER ITEM   OBSERVED TIME   RECORD YEAR NORMAL DEPARTURE LAST
                VALUE   (LST)  VALUE       VALUE  FROM      YEAR
                                                  NORMAL
..................................................................
TEMPERATURE (F)
 TODAY
  MAXIMUM         37   1246 PM  77    1871  51    -14       66
  MINIMUM         23    605 AM  16    1914  35    -12       37
  AVERAGE         30                        43    -13       52

PRECIPITATION (IN)
  TODAY            0.00          1.19 2002   0.13  -0.13     0.00
  MONTH TO DATE    0.39                      0.92  -0.53     1.42
  SINCE MAR 1      1.05                      3.19  -2.14     5.14
  SINCE JAN 1      5.87                      6.60  -0.73     9.15

SNOWFALL (IN)
  TODAY            0.0           1.8  2000   0.1   -0.1      0.0
  MONTH TO DATE    1.7                       0.9    0.8      0.0
  SINCE MAR 1      5.7                       7.9   -2.2     13.6
  SINCE JUL 1     38.4                      45.7   -7.3     37.6
  SNOW DEPTH       0

DEGREE DAYS
 HEATING
  TODAY           35                        22     13       13
  MONTH TO DATE  274                       188     86      146
  SINCE MAR 1   1198                      1117     81     1033
  SINCE JUL 1   5810                      6097   -287     5032

 COOLING
  TODAY            0                         0      0        0
  MONTH TO DATE    0                         0      0        0
  SINCE MAR 1      0                         0      0        0
  SINCE JAN 1      0                         0      0        0
..................................................................


WIND (MPH)
  HIGHEST WIND SPEED    15   HIGHEST WIND DIRECTION     E (90)
  HIGHEST GUST SPEED    24   HIGHEST GUST DIRECTION     S (160)
  AVERAGE WIND SPEED     7.2


SKY COVER
  POSSIBLE SUNSHINE  MM
  AVERAGE SKY COVER 0.3


WEATHER CONDITIONS
 THE FOLLOWING WEATHER WAS RECORDED TODAY.
  NO SIGNIFICANT WEATHER WAS OBSERVED.


RELATIVE HUMIDITY (PERCENT)
 HIGHEST    61           300 PM
 LOWEST     38          1200 PM
 AVERAGE    50

..........................................................


THE MILWAUKEE WI CLIMATE NORMALS FOR TOMORROW
                         NORMAL    RECORD    YEAR
 MAXIMUM TEMPERATURE (F)   51        78      1887
 MINIMUM TEMPERATURE (F)   35        20      1997
                                             1989
                                             1928


SUNRISE AND SUNSET
APRIL  8 2018.........SUNRISE   622 AM CDT   SUNSET   726 PM CDT
APRIL  9 2018.........SUNRISE   620 AM CDT   SUNSET   727 PM CDT


-  INDICATES NEGATIVE NUMBERS.
R  INDICATES RECORD WAS SET OR TIED.
MM INDICATES DATA IS MISSING.
T  INDICATES TRACE AMOUNT.




$$
