000
CDUS43 KMKX 240642
CLIMKE


CLIMATE REPORT
NATIONAL WEATHER SERVICE IN MILWAUKEE
141 AM CDT THU MAY 24 2018


...................................

...THE MILWAUKEE WI CLIMATE SUMMARY FOR MAY 23 2018...

CLIMATE NORMAL PERIOD 1981 TO 2010
CLIMATE RECORD PERIOD 1871 TO 2018


WEATHER ITEM   OBSERVED TIME   RECORD YEAR NORMAL DEPARTURE LAST
                VALUE   (LST)  VALUE       VALUE  FROM      YEAR
                                                  NORMAL
..................................................................
TEMPERATURE (F)
 YESTERDAY
  MAXIMUM         76    132 PM  87    1977  67      9       66
                                      1964
                                      1921
  MINIMUM         50    152 AM  30    1963  49      1       47
                                      1961
  AVERAGE         63                        58      5       57

PRECIPITATION (IN)
  YESTERDAY        0.00          1.40 1965   0.12  -0.12     0.21
  MONTH TO DATE    6.29                      2.47   3.82     1.84
  SINCE MAR 1     10.06                      8.30   1.76    11.79
  SINCE JAN 1     14.88                     11.71   3.17    15.80

SNOWFALL (IN)
  YESTERDAY        0.0           0.0    MM   0.0    0.0      0.0
  MONTH TO DATE    0.0                       0.1   -0.1      0.0
  SINCE MAR 1     14.0                       9.1    4.9     13.6
  SINCE JUL 1     46.7                      46.9   -0.2     37.6
  SNOW DEPTH       0

DEGREE DAYS
 HEATING
  YESTERDAY        2                         8     -6        8
  MONTH TO DATE  187                       258    -71      281
  SINCE MAR 1   1887                      1775    112     1586
  SINCE JUL 1   6499                      6755   -256     5585

 COOLING
  YESTERDAY        0                         1     -1        0
  MONTH TO DATE   24                        13     11       15
  SINCE MAR 1     24                        18      6       18
  SINCE JAN 1     24                        18      6       18
..................................................................


WIND (MPH)
  HIGHEST WIND SPEED    16   HIGHEST WIND DIRECTION    SE (130)
  HIGHEST GUST SPEED    19   HIGHEST GUST DIRECTION    SE (130)
  AVERAGE WIND SPEED     6.1


SKY COVER
  POSSIBLE SUNSHINE  MM
  AVERAGE SKY COVER 0.6


WEATHER CONDITIONS
 THE FOLLOWING WEATHER WAS RECORDED YESTERDAY.
  FOG


RELATIVE HUMIDITY (PERCENT)
 HIGHEST    93          1200 AM
 LOWEST     47           600 PM
 AVERAGE    70

..........................................................


THE MILWAUKEE WI CLIMATE NORMALS FOR TODAY
                         NORMAL    RECORD    YEAR
 MAXIMUM TEMPERATURE (F)   68        90      1950
 MINIMUM TEMPERATURE (F)   49        34      1963
                                             1958
                                             1925


SUNRISE AND SUNSET
MAY 24 2018...........SUNRISE   520 AM CDT   SUNSET   817 PM CDT
MAY 25 2018...........SUNRISE   520 AM CDT   SUNSET   818 PM CDT


-  INDICATES NEGATIVE NUMBERS.
R  INDICATES RECORD WAS SET OR TIED.
MM INDICATES DATA IS MISSING.
T  INDICATES TRACE AMOUNT.




$$
