000
CDUS43 KMKX 060704
CLIMKE


CLIMATE REPORT
NATIONAL WEATHER SERVICE IN MILWAUKEE
203 AM CDT FRI APR 6 2018


...................................

...THE MILWAUKEE WI CLIMATE SUMMARY FOR APRIL 5 2018...

CLIMATE NORMAL PERIOD 1981 TO 2010
CLIMATE RECORD PERIOD 1871 TO 2018


WEATHER ITEM   OBSERVED TIME   RECORD YEAR NORMAL DEPARTURE LAST
                VALUE   (LST)  VALUE       VALUE  FROM      YEAR
                                                  NORMAL
..................................................................
TEMPERATURE (F)
 YESTERDAY
  MAXIMUM         45    236 PM  79    1929  50     -5       43
  MINIMUM         20    523 AM  14    1881  34    -14       38
  AVERAGE         33                        42     -9       41

PRECIPITATION (IN)
  YESTERDAY        0.00          1.00 1982   0.11  -0.11     0.44
  MONTH TO DATE    0.39                      0.56  -0.17     1.42
  SINCE MAR 1      1.05                      2.83  -1.78     5.14
  SINCE JAN 1      5.87                      6.24  -0.37     9.15

SNOWFALL (IN)
  YESTERDAY        0.0           8.6  1982   0.1   -0.1      0.0
  MONTH TO DATE    1.5                       0.6    0.9      0.0
  SINCE MAR 1      5.5                       7.6   -2.1     13.6
  SINCE JUL 1     38.2                      45.4   -7.2     37.6
  SNOW DEPTH       0

DEGREE DAYS
 HEATING
  YESTERDAY       32                        23      9       24
  MONTH TO DATE  168                       120     48       92
  SINCE MAR 1   1092                      1049     43      979
  SINCE JUL 1   5704                      6029   -325     4978

 COOLING
  YESTERDAY        0                         0      0        0
  MONTH TO DATE    0                         0      0        0
  SINCE MAR 1      0                         0      0        0
  SINCE JAN 1      0                         0      0        0
..................................................................


WIND (MPH)
  HIGHEST WIND SPEED    18   HIGHEST WIND DIRECTION    SW (220)
  HIGHEST GUST SPEED    28   HIGHEST GUST DIRECTION    SW (220)
  AVERAGE WIND SPEED     8.4


SKY COVER
  POSSIBLE SUNSHINE  MM
  AVERAGE SKY COVER 0.6


WEATHER CONDITIONS
 THE FOLLOWING WEATHER WAS RECORDED YESTERDAY.
  FOG
  HAZE


RELATIVE HUMIDITY (PERCENT)
 HIGHEST    82           800 PM
 LOWEST     36           100 PM
 AVERAGE    59

..........................................................


THE MILWAUKEE WI CLIMATE NORMALS FOR TODAY
                         NORMAL    RECORD    YEAR
 MAXIMUM TEMPERATURE (F)   50        85      1991
 MINIMUM TEMPERATURE (F)   34        16      1982


SUNRISE AND SUNSET
APRIL  6 2018.........SUNRISE   625 AM CDT   SUNSET   724 PM CDT
APRIL  7 2018.........SUNRISE   623 AM CDT   SUNSET   725 PM CDT


-  INDICATES NEGATIVE NUMBERS.
R  INDICATES RECORD WAS SET OR TIED.
MM INDICATES DATA IS MISSING.
T  INDICATES TRACE AMOUNT.




$$
