000
CDUS43 KMKX 062238
CLIMKE


CLIMATE REPORT
NATIONAL WEATHER SERVICE IN MILWAUKEE
538 PM CDT SUN MAY 6 2018


...................................

...THE MILWAUKEE WI CLIMATE SUMMARY FOR MAY 6 2018...
VALID TODAY AS OF 0500 PM LOCAL TIME.

CLIMATE NORMAL PERIOD 1981 TO 2010
CLIMATE RECORD PERIOD 1871 TO 2018


WEATHER ITEM   OBSERVED TIME   RECORD YEAR NORMAL DEPARTURE LAST
                VALUE   (LST)  VALUE       VALUE  FROM      YEAR
                                                  NORMAL
..................................................................
TEMPERATURE (F)
 TODAY
  MAXIMUM         60   1124 AM  91    1934  62     -2       54
  MINIMUM         48    125 AM  28    1967  44      4       42
  AVERAGE         54                        52      2       48

PRECIPITATION (IN)
  TODAY            0.01          2.45 2012   0.11  -0.10      T
  MONTH TO DATE    1.24                      0.64   0.60     0.09
  SINCE MAR 1      5.01                      6.47  -1.46    10.04
  SINCE JAN 1      9.83                      9.88  -0.05    14.05

SNOWFALL (IN)
  TODAY            0.0           0.6  1989   0.0    0.0      0.0
  MONTH TO DATE    0.0                       0.0    0.0      0.0
  SINCE MAR 1     14.0                       9.0    5.0     13.6
  SINCE JUL 1     46.7                      46.8   -0.1     37.6
  SNOW DEPTH       0

DEGREE DAYS
 HEATING
  TODAY           11                        13     -2       17
  MONTH TO DATE   25                        81    -56      106
  SINCE MAR 1   1725                      1598    127     1411
  SINCE JUL 1   6337                      6578   -241     5410

 COOLING
  TODAY            0                         0      0        0
  MONTH TO DATE   18                         0     18        0
  SINCE MAR 1     18                         5     13        3
  SINCE JAN 1     18                         5     13        3
..................................................................


WIND (MPH)
  HIGHEST WIND SPEED    21   HIGHEST WIND DIRECTION     N (20)
  HIGHEST GUST SPEED    29   HIGHEST GUST DIRECTION    NW (310)
  AVERAGE WIND SPEED     9.4


SKY COVER
  POSSIBLE SUNSHINE  MM
  AVERAGE SKY COVER 0.5


WEATHER CONDITIONS
 THE FOLLOWING WEATHER WAS RECORDED TODAY.
  RAIN


RELATIVE HUMIDITY (PERCENT)
 HIGHEST    66           200 AM
 LOWEST     51           300 AM
 AVERAGE    59

..........................................................


THE MILWAUKEE WI CLIMATE NORMALS FOR TOMORROW
                         NORMAL    RECORD    YEAR
 MAXIMUM TEMPERATURE (F)   62        87      1936
 MINIMUM TEMPERATURE (F)   44        28      1885


SUNRISE AND SUNSET
MAY  6 2018...........SUNRISE   539 AM CDT   SUNSET   758 PM CDT
MAY  7 2018...........SUNRISE   538 AM CDT   SUNSET   759 PM CDT


-  INDICATES NEGATIVE NUMBERS.
R  INDICATES RECORD WAS SET OR TIED.
MM INDICATES DATA IS MISSING.
T  INDICATES TRACE AMOUNT.




$$
