000
CDUS43 KMKX 180812
CLIMKE


CLIMATE REPORT
NATIONAL WEATHER SERVICE IN MILWAUKEE
312 AM CDT FRI MAY 18 2018


...................................

...THE MILWAUKEE WI CLIMATE SUMMARY FOR MAY 17 2018...

CLIMATE NORMAL PERIOD 1981 TO 2010
CLIMATE RECORD PERIOD 1871 TO 2018


WEATHER ITEM   OBSERVED TIME   RECORD YEAR NORMAL DEPARTURE LAST
                VALUE   (LST)  VALUE       VALUE  FROM      YEAR
                                                  NORMAL
..................................................................
TEMPERATURE (F)
 YESTERDAY
  MAXIMUM         65    254 AM  88    1987  65      0       84
                                      1911
                                      1906
  MINIMUM         49   1159 PM  31    1983  47      2       61
  AVERAGE         57                        56      1       73

PRECIPITATION (IN)
  YESTERDAY        0.00          1.70 2000   0.11  -0.11     0.35
  MONTH TO DATE    5.32                      1.78   3.54     1.07
  SINCE MAR 1      9.09                      7.61   1.48    11.02
  SINCE JAN 1     13.91                     11.02   2.89    15.03

SNOWFALL (IN)
  YESTERDAY        0.0           T    1915   0.0    0.0      0.0
  MONTH TO DATE    0.0                       0.1   -0.1      0.0
  SINCE MAR 1     14.0                       9.1    4.9     13.6
  SINCE JUL 1     46.7                      46.9   -0.2     37.6
  SNOW DEPTH       0

DEGREE DAYS
 HEATING
  YESTERDAY        8                        10     -2        0
  MONTH TO DATE  123                       204    -81      219
  SINCE MAR 1   1823                      1721    102     1524
  SINCE JUL 1   6435                      6701   -266     5523

 COOLING
  YESTERDAY        0                         1     -1        8
  MONTH TO DATE   24                         7     17       15
  SINCE MAR 1     24                        12     12       18
  SINCE JAN 1     24                        12     12       18
..................................................................


WIND (MPH)
  HIGHEST WIND SPEED    28   HIGHEST WIND DIRECTION     N (10)
  HIGHEST GUST SPEED    38   HIGHEST GUST DIRECTION    NE (30)
  AVERAGE WIND SPEED    15.2


SKY COVER
  POSSIBLE SUNSHINE  MM
  AVERAGE SKY COVER 0.5


WEATHER CONDITIONS
 THE FOLLOWING WEATHER WAS RECORDED YESTERDAY.
  HAZE


RELATIVE HUMIDITY (PERCENT)
 HIGHEST    77          1100 AM
 LOWEST     48           300 AM
 AVERAGE    63

..........................................................


THE MILWAUKEE WI CLIMATE NORMALS FOR TODAY
                         NORMAL    RECORD    YEAR
 MAXIMUM TEMPERATURE (F)   66        90      1996
 MINIMUM TEMPERATURE (F)   47        33      2002


SUNRISE AND SUNSET
MAY 18 2018...........SUNRISE   526 AM CDT   SUNSET   811 PM CDT
MAY 19 2018...........SUNRISE   525 AM CDT   SUNSET   812 PM CDT


-  INDICATES NEGATIVE NUMBERS.
R  INDICATES RECORD WAS SET OR TIED.
MM INDICATES DATA IS MISSING.
T  INDICATES TRACE AMOUNT.




$$
