818
CDUS43 KMKX 160658
CLIMKE


CLIMATE REPORT
NATIONAL WEATHER SERVICE IN MILWAUKEE
158 AM CDT MON APR 16 2018


...................................

...THE MILWAUKEE WI CLIMATE SUMMARY FOR APRIL 15 2018...

CLIMATE NORMAL PERIOD 1981 TO 2010
CLIMATE RECORD PERIOD 1871 TO 2018


WEATHER ITEM   OBSERVED TIME   RECORD YEAR NORMAL DEPARTURE LAST
                VALUE   (LST)  VALUE       VALUE  FROM      YEAR
                                                  NORMAL
..................................................................
TEMPERATURE (F)
 YESTERDAY
  MAXIMUM         34    142 PM  88    2002  54    -20       82
  MINIMUM         28   1159 PM  20    1935  37     -9       49
                                      1928
  AVERAGE         31                        45    -14       66

PRECIPITATION (IN)
  YESTERDAY        0.83          1.49 2011   0.13   0.70     0.42
  MONTH TO DATE    2.45                      1.81   0.64     2.85
  SINCE MAR 1      3.11                      4.08  -0.97     6.57
  SINCE JAN 1      7.93                      7.49   0.44    10.58

SNOWFALL (IN)
  YESTERDAY        3.2           3.4  1923   0.0    3.2      0.0
  MONTH TO DATE    5.9                       1.4    4.5      0.0
  SINCE MAR 1      9.9                       8.4    1.5     13.6
  SINCE JUL 1     42.6                      46.2   -3.6     37.6
  SNOW DEPTH       1

DEGREE DAYS
 HEATING
  YESTERDAY       34                        20     14        0
  MONTH TO DATE  454                       334    120      230
  SINCE MAR 1   1378                      1263    115     1117
  SINCE JUL 1   5990                      6243   -253     5116

 COOLING
  YESTERDAY        0                         0      0        1
  MONTH TO DATE    0                         0      0        2
  SINCE MAR 1      0                         0      0        2
  SINCE JAN 1      0                         0      0        2
..................................................................


WIND (MPH)
  HIGHEST WIND SPEED    31   HIGHEST WIND DIRECTION    NE (60)
  HIGHEST GUST SPEED    40   HIGHEST GUST DIRECTION    NE (60)
  AVERAGE WIND SPEED    16.4


SKY COVER
  POSSIBLE SUNSHINE  MM
  AVERAGE SKY COVER 1.0


WEATHER CONDITIONS
 THE FOLLOWING WEATHER WAS RECORDED YESTERDAY.
  RAIN
  SNOW
  LIGHT SNOW
  SLEET
  FOG


RELATIVE HUMIDITY (PERCENT)
 HIGHEST    96           100 PM
 LOWEST     85          1000 PM
 AVERAGE    91

..........................................................


THE MILWAUKEE WI CLIMATE NORMALS FOR TODAY
                         NORMAL    RECORD    YEAR
 MAXIMUM TEMPERATURE (F)   54        86      2002
 MINIMUM TEMPERATURE (F)   38        12      1875


SUNRISE AND SUNSET
APRIL 16 2018.........SUNRISE   608 AM CDT   SUNSET   735 PM CDT
APRIL 17 2018.........SUNRISE   607 AM CDT   SUNSET   736 PM CDT


-  INDICATES NEGATIVE NUMBERS.
R  INDICATES RECORD WAS SET OR TIED.
MM INDICATES DATA IS MISSING.
T  INDICATES TRACE AMOUNT.




$$
