000
CDUS43 KMKX 180652
CLIMKE


CLIMATE REPORT
NATIONAL WEATHER SERVICE IN MILWAUKEE
149 AM CDT WED APR 18 2018


...................................

...THE MILWAUKEE WI CLIMATE SUMMARY FOR APRIL 17 2018...

CLIMATE NORMAL PERIOD 1981 TO 2010
CLIMATE RECORD PERIOD 1871 TO 2018


WEATHER ITEM   OBSERVED TIME   RECORD YEAR NORMAL DEPARTURE LAST
                VALUE   (LST)  VALUE       VALUE  FROM      YEAR
                                                  NORMAL
..................................................................
TEMPERATURE (F)
 YESTERDAY
  MAXIMUM         39    252 PM  84    1976  54    -15       57
  MINIMUM         28    603 AM  14    1875  38    -10       39
  AVERAGE         34                        46    -12       48

PRECIPITATION (IN)
  YESTERDAY        0.00          1.24 1896   0.12  -0.12     0.00
  MONTH TO DATE    2.49                      2.06   0.43     3.27
  SINCE MAR 1      3.15                      4.33  -1.18     6.99
  SINCE JAN 1      7.97                      7.74   0.23    11.00

SNOWFALL (IN)
  YESTERDAY        0.0           2.5  1965   0.1   -0.1      0.0
  MONTH TO DATE    6.8                       1.6    5.2      0.0
  SINCE MAR 1     10.8                       8.6    2.2     13.6
  SINCE JUL 1     43.5                      46.4   -2.9     37.6
  SNOW DEPTH       4

DEGREE DAYS
 HEATING
  YESTERDAY       31                        19     12       17
  MONTH TO DATE  519                       372    147      248
  SINCE MAR 1   1443                      1301    142     1135
  SINCE JUL 1   6055                      6281   -226     5134

 COOLING
  YESTERDAY        0                         0      0        0
  MONTH TO DATE    0                         0      0        2
  SINCE MAR 1      0                         0      0        2
  SINCE JAN 1      0                         0      0        2
..................................................................


WIND (MPH)
  HIGHEST WIND SPEED    20   HIGHEST WIND DIRECTION     N (350)
  HIGHEST GUST SPEED    29   HIGHEST GUST DIRECTION     N (340)
  AVERAGE WIND SPEED     9.4


SKY COVER
  POSSIBLE SUNSHINE  MM
  AVERAGE SKY COVER 0.6


WEATHER CONDITIONS
 THE FOLLOWING WEATHER WAS RECORDED YESTERDAY.
  NO SIGNIFICANT WEATHER WAS OBSERVED.


RELATIVE HUMIDITY (PERCENT)
 HIGHEST    69           300 AM
 LOWEST     44           300 PM
 AVERAGE    57

..........................................................


THE MILWAUKEE WI CLIMATE NORMALS FOR TODAY
                         NORMAL    RECORD    YEAR
 MAXIMUM TEMPERATURE (F)   55        88      2002
 MINIMUM TEMPERATURE (F)   38        23      1983


SUNRISE AND SUNSET
APRIL 18 2018.........SUNRISE   605 AM CDT   SUNSET   738 PM CDT
APRIL 19 2018.........SUNRISE   603 AM CDT   SUNSET   739 PM CDT


-  INDICATES NEGATIVE NUMBERS.
R  INDICATES RECORD WAS SET OR TIED.
MM INDICATES DATA IS MISSING.
T  INDICATES TRACE AMOUNT.




$$
