000
CDUS43 KMKX 150701
CLIMKE


CLIMATE REPORT
NATIONAL WEATHER SERVICE IN MILWAUKEE
200 AM CDT SUN APR 15 2018


...................................

...THE MILWAUKEE WI CLIMATE SUMMARY FOR APRIL 14 2018...

CLIMATE NORMAL PERIOD 1981 TO 2010
CLIMATE RECORD PERIOD 1871 TO 2018


WEATHER ITEM   OBSERVED TIME   RECORD YEAR NORMAL DEPARTURE LAST
                VALUE   (LST)  VALUE       VALUE  FROM      YEAR
                                                  NORMAL
..................................................................
TEMPERATURE (F)
 YESTERDAY
  MAXIMUM         37   1110 AM  85    2003  53    -16       57
  MINIMUM         32   1159 PM  22    1928  37     -5       41
                                      1907
  AVERAGE         35                        45    -10       49

PRECIPITATION (IN)
  YESTERDAY        0.73          1.68 1987   0.12   0.61     0.10
  MONTH TO DATE    1.62                      1.68  -0.06     2.43
  SINCE MAR 1      2.28                      3.95  -1.67     6.15
  SINCE JAN 1      7.10                      7.36  -0.26    10.16

SNOWFALL (IN)
  YESTERDAY        0.5           4.3  1928   0.1    0.4      0.0
  MONTH TO DATE    2.7                       1.4    1.3      0.0
  SINCE MAR 1      6.7                       8.4   -1.7     13.6
  SINCE JUL 1     39.4                      46.2   -6.8     37.6
  SNOW DEPTH       0

DEGREE DAYS
 HEATING
  YESTERDAY       30                        20     10       16
  MONTH TO DATE  420                       314    106      230
  SINCE MAR 1   1344                      1243    101     1117
  SINCE JUL 1   5956                      6223   -267     5116

 COOLING
  YESTERDAY        0                         0      0        0
  MONTH TO DATE    0                         0      0        1
  SINCE MAR 1      0                         0      0        1
  SINCE JAN 1      0                         0      0        1
..................................................................


WIND (MPH)
  HIGHEST WIND SPEED    33   HIGHEST WIND DIRECTION    NE (60)
  HIGHEST GUST SPEED    46   HIGHEST GUST DIRECTION    NE (60)
  AVERAGE WIND SPEED    24.5


SKY COVER
  POSSIBLE SUNSHINE  MM
  AVERAGE SKY COVER 1.0


WEATHER CONDITIONS
 THE FOLLOWING WEATHER WAS RECORDED YESTERDAY.
  HEAVY RAIN
  LIGHT RAIN
  FREEZING RAIN
  LT FREEZING RAIN
  LIGHT SNOW
  FOG


RELATIVE HUMIDITY (PERCENT)
 HIGHEST   100           300 AM
 LOWEST     89           800 PM
 AVERAGE    95

..........................................................


THE MILWAUKEE WI CLIMATE NORMALS FOR TODAY
                         NORMAL    RECORD    YEAR
 MAXIMUM TEMPERATURE (F)   54        88      2002
 MINIMUM TEMPERATURE (F)   37        20      1935
                                             1928


SUNRISE AND SUNSET
APRIL 15 2018.........SUNRISE   610 AM CDT   SUNSET   734 PM CDT
APRIL 16 2018.........SUNRISE   608 AM CDT   SUNSET   735 PM CDT


-  INDICATES NEGATIVE NUMBERS.
R  INDICATES RECORD WAS SET OR TIED.
MM INDICATES DATA IS MISSING.
T  INDICATES TRACE AMOUNT.




$$
