000
CDUS43 KMKX 110704
CLIMKE


CLIMATE REPORT
NATIONAL WEATHER SERVICE IN MILWAUKEE
203 AM CDT WED APR 11 2018


...................................

...THE MILWAUKEE WI CLIMATE SUMMARY FOR APRIL 10 2018...

CLIMATE NORMAL PERIOD 1981 TO 2010
CLIMATE RECORD PERIOD 1871 TO 2018


WEATHER ITEM   OBSERVED TIME   RECORD YEAR NORMAL DEPARTURE LAST
                VALUE   (LST)  VALUE       VALUE  FROM      YEAR
                                                  NORMAL
..................................................................
TEMPERATURE (F)
 YESTERDAY
  MAXIMUM         46   1252 PM  90    1930  52     -6       76
  MINIMUM         30    549 AM  19    1989  36     -6       38
  AVERAGE         38                        44     -6       57

PRECIPITATION (IN)
  YESTERDAY        T             1.66 2008   0.13  -0.13     0.66
  MONTH TO DATE    0.42                      1.17  -0.75     2.08
  SINCE MAR 1      1.08                      3.44  -2.36     5.80
  SINCE JAN 1      5.90                      6.85  -0.95     9.81

SNOWFALL (IN)
  YESTERDAY        T             3.0  1894   0.1   -0.1      0.0
  MONTH TO DATE    2.2                       1.1    1.1      0.0
  SINCE MAR 1      6.2                       8.1   -1.9     13.6
  SINCE JUL 1     38.9                      45.9   -7.0     37.6
  SNOW DEPTH       0

DEGREE DAYS
 HEATING
  YESTERDAY       27                        22      5        8
  MONTH TO DATE  333                       232    101      154
  SINCE MAR 1   1257                      1161     96     1041
  SINCE JUL 1   5869                      6141   -272     5040

 COOLING
  YESTERDAY        0                         0      0        0
  MONTH TO DATE    0                         0      0        1
  SINCE MAR 1      0                         0      0        1
  SINCE JAN 1      0                         0      0        1
..................................................................


WIND (MPH)
  HIGHEST WIND SPEED    17   HIGHEST WIND DIRECTION     W (250)
  HIGHEST GUST SPEED    23   HIGHEST GUST DIRECTION    SW (240)
  AVERAGE WIND SPEED     9.0


SKY COVER
  POSSIBLE SUNSHINE  MM
  AVERAGE SKY COVER 0.5


WEATHER CONDITIONS
 THE FOLLOWING WEATHER WAS RECORDED YESTERDAY.
  LIGHT SNOW


RELATIVE HUMIDITY (PERCENT)
 HIGHEST    69           300 AM
 LOWEST     37           100 PM
 AVERAGE    53

..........................................................


THE MILWAUKEE WI CLIMATE NORMALS FOR TODAY
                         NORMAL    RECORD    YEAR
 MAXIMUM TEMPERATURE (F)   52        83      1977
 MINIMUM TEMPERATURE (F)   36        17      1973


SUNRISE AND SUNSET
APRIL 11 2018.........SUNRISE   616 AM CDT   SUNSET   729 PM CDT
APRIL 12 2018.........SUNRISE   615 AM CDT   SUNSET   731 PM CDT


-  INDICATES NEGATIVE NUMBERS.
R  INDICATES RECORD WAS SET OR TIED.
MM INDICATES DATA IS MISSING.
T  INDICATES TRACE AMOUNT.




$$
