000
CDUS43 KMKX 042137
CLIMKE


CLIMATE REPORT
NATIONAL WEATHER SERVICE IN MILWAUKEE
436 PM CDT FRI MAY 4 2018


...................................

...THE MILWAUKEE WI CLIMATE SUMMARY FOR MAY 4 2018...
VALID TODAY AS OF 0400 PM LOCAL TIME.

CLIMATE NORMAL PERIOD 1981 TO 2010
CLIMATE RECORD PERIOD 1871 TO 2018


WEATHER ITEM   OBSERVED TIME   RECORD YEAR NORMAL DEPARTURE LAST
                VALUE   (LST)  VALUE       VALUE  FROM      YEAR
                                                  NORMAL
..................................................................
TEMPERATURE (F)
 TODAY
  MAXIMUM         74    259 PM  89    1952  61     13       58
  MINIMUM         49   1205 AM  30    1954  43      6       40
  AVERAGE         62                        52     10       49

PRECIPITATION (IN)
  TODAY            T             1.46 1990   0.11  -0.11     0.00
  MONTH TO DATE    1.23                      0.43   0.80     0.09
  SINCE MAR 1      5.00                      6.26  -1.26    10.04
  SINCE JAN 1      9.82                      9.67   0.15    14.05

SNOWFALL (IN)
  TODAY            0.0           T    1967   0.0    0.0      0.0
  MONTH TO DATE    0.0                       0.0    0.0      0.0
  SINCE MAR 1     14.0                       9.0    5.0     13.6
  SINCE JUL 1     46.7                      46.8   -0.1     37.6
  SNOW DEPTH       0

DEGREE DAYS
 HEATING
  TODAY            3                        13    -10       16
  MONTH TO DATE   15                        55    -40       71
  SINCE MAR 1   1715                      1572    143     1376
  SINCE JUL 1   6327                      6552   -225     5375

 COOLING
  TODAY            0                         0      0        0
  MONTH TO DATE   17                         0     17        0
  SINCE MAR 1     17                         5     12        3
  SINCE JAN 1     17                         5     12        3
..................................................................


WIND (MPH)
  HIGHEST WIND SPEED    32   HIGHEST WIND DIRECTION    NW (300)
  HIGHEST GUST SPEED    45   HIGHEST GUST DIRECTION     W (290)
  AVERAGE WIND SPEED    12.2


SKY COVER
  POSSIBLE SUNSHINE  MM
  AVERAGE SKY COVER 0.7


WEATHER CONDITIONS
 THE FOLLOWING WEATHER WAS RECORDED TODAY.
  LIGHT RAIN
  FOG


RELATIVE HUMIDITY (PERCENT)
 HIGHEST   100           100 AM
 LOWEST     38           300 PM
 AVERAGE    69

..........................................................


THE MILWAUKEE WI CLIMATE NORMALS FOR TOMORROW
                         NORMAL    RECORD    YEAR
 MAXIMUM TEMPERATURE (F)   61        89      1949
 MINIMUM TEMPERATURE (F)   43        30      1973


SUNRISE AND SUNSET
MAY  4 2018...........SUNRISE   542 AM CDT   SUNSET   756 PM CDT
MAY  5 2018...........SUNRISE   540 AM CDT   SUNSET   757 PM CDT


-  INDICATES NEGATIVE NUMBERS.
R  INDICATES RECORD WAS SET OR TIED.
MM INDICATES DATA IS MISSING.
T  INDICATES TRACE AMOUNT.




$$
