000
CDUS43 KMKX 200647
CLIMKE


CLIMATE REPORT
NATIONAL WEATHER SERVICE IN MILWAUKEE
147 AM CDT SUN MAY 20 2018


...................................

...THE MILWAUKEE WI CLIMATE SUMMARY FOR MAY 19 2018...

CLIMATE NORMAL PERIOD 1981 TO 2010
CLIMATE RECORD PERIOD 1871 TO 2018


WEATHER ITEM   OBSERVED TIME   RECORD YEAR NORMAL DEPARTURE LAST
                VALUE   (LST)  VALUE       VALUE  FROM      YEAR
                                                  NORMAL
..................................................................
TEMPERATURE (F)
 YESTERDAY
  MAXIMUM         67    357 PM  92    1975  66      1       48
  MINIMUM         47   1159 PM  34    1929  47      0       41
  AVERAGE         57                        57      0       45

PRECIPITATION (IN)
  YESTERDAY        0.04          2.58 1933   0.11  -0.07     0.15
  MONTH TO DATE    5.47                      2.00   3.47     1.22
  SINCE MAR 1      9.24                      7.83   1.41    11.17
  SINCE JAN 1     14.06                     11.24   2.82    15.18

SNOWFALL (IN)
  YESTERDAY        0.0           T    1924   0.0    0.0      0.0
  MONTH TO DATE    0.0                       0.1   -0.1      0.0
  SINCE MAR 1     14.0                       9.1    4.9     13.6
  SINCE JUL 1     46.7                      46.9   -0.2     37.6
  SNOW DEPTH       0

DEGREE DAYS
 HEATING
  YESTERDAY        8                         9     -1       20
  MONTH TO DATE  143                       223    -80      244
  SINCE MAR 1   1843                      1740    103     1549
  SINCE JUL 1   6455                      6720   -265     5548

 COOLING
  YESTERDAY        0                         1     -1        0
  MONTH TO DATE   24                         9     15       15
  SINCE MAR 1     24                        14     10       18
  SINCE JAN 1     24                        14     10       18
..................................................................


WIND (MPH)
  HIGHEST WIND SPEED    16   HIGHEST WIND DIRECTION    NE (30)
  HIGHEST GUST SPEED    23   HIGHEST GUST DIRECTION    NE (30)
  AVERAGE WIND SPEED     6.0


SKY COVER
  POSSIBLE SUNSHINE  MM
  AVERAGE SKY COVER 1.0


WEATHER CONDITIONS
 THE FOLLOWING WEATHER WAS RECORDED YESTERDAY.
  LIGHT RAIN
  FOG
  FOG W/VISIBILITY <= 1/4 MILE


RELATIVE HUMIDITY (PERCENT)
 HIGHEST   100           300 AM
 LOWEST     73           100 PM
 AVERAGE    87

..........................................................


THE MILWAUKEE WI CLIMATE NORMALS FOR TODAY
                         NORMAL    RECORD    YEAR
 MAXIMUM TEMPERATURE (F)   66        92      1934
 MINIMUM TEMPERATURE (F)   48        34      1895
                                             1883


SUNRISE AND SUNSET
MAY 20 2018...........SUNRISE   524 AM CDT   SUNSET   813 PM CDT
MAY 21 2018...........SUNRISE   523 AM CDT   SUNSET   814 PM CDT


-  INDICATES NEGATIVE NUMBERS.
R  INDICATES RECORD WAS SET OR TIED.
MM INDICATES DATA IS MISSING.
T  INDICATES TRACE AMOUNT.




$$
