000
CDUS43 KMKX 112137
CLIMKE


CLIMATE REPORT
NATIONAL WEATHER SERVICE IN MILWAUKEE
437 PM CDT WED APR 11 2018


...................................

...THE MILWAUKEE WI CLIMATE SUMMARY FOR APRIL 11 2018...
VALID TODAY AS OF 0400 PM LOCAL TIME.

CLIMATE NORMAL PERIOD 1981 TO 2010
CLIMATE RECORD PERIOD 1871 TO 2018


WEATHER ITEM   OBSERVED TIME   RECORD YEAR NORMAL DEPARTURE LAST
                VALUE   (LST)  VALUE       VALUE  FROM      YEAR
                                                  NORMAL
..................................................................
TEMPERATURE (F)
 TODAY
  MAXIMUM         58   1143 AM  83    1977  52      6       50
  MINIMUM         38    309 AM  17    1973  36      2       39
  AVERAGE         48                        44      4       45

PRECIPITATION (IN)
  TODAY            T             1.70 1871   0.13  -0.13      T
  MONTH TO DATE    0.42                      1.30  -0.88     2.08
  SINCE MAR 1      1.08                      3.57  -2.49     5.80
  SINCE JAN 1      5.90                      6.98  -1.08     9.81

SNOWFALL (IN)
  TODAY            T             7.0  2007   0.1   -0.1      0.0
  MONTH TO DATE    2.2                       1.2    1.0      0.0
  SINCE MAR 1      6.2                       8.2   -2.0     13.6
  SINCE JUL 1     38.9                      46.0   -7.1     37.6
  SNOW DEPTH       0

DEGREE DAYS
 HEATING
  TODAY           17                        21     -4       20
  MONTH TO DATE  350                       253     97      174
  SINCE MAR 1   1274                      1182     92     1061
  SINCE JUL 1   5886                      6162   -276     5060

 COOLING
  TODAY            0                         0      0        0
  MONTH TO DATE    0                         0      0        1
  SINCE MAR 1      0                         0      0        1
  SINCE JAN 1      0                         0      0        1
..................................................................


WIND (MPH)
  HIGHEST WIND SPEED    15   HIGHEST WIND DIRECTION     E (100)
  HIGHEST GUST SPEED    23   HIGHEST GUST DIRECTION    SW (220)
  AVERAGE WIND SPEED    10.8


SKY COVER
  POSSIBLE SUNSHINE  MM
  AVERAGE SKY COVER 0.7


WEATHER CONDITIONS
 THE FOLLOWING WEATHER WAS RECORDED TODAY.
  LIGHT SNOW


RELATIVE HUMIDITY (PERCENT)
 HIGHEST    70           300 AM
 LOWEST     38          1100 AM
 AVERAGE    54

..........................................................


THE MILWAUKEE WI CLIMATE NORMALS FOR TOMORROW
                         NORMAL    RECORD    YEAR
 MAXIMUM TEMPERATURE (F)   53        82      1977
                                             1941
 MINIMUM TEMPERATURE (F)   36        19      1939


SUNRISE AND SUNSET
APRIL 11 2018.........SUNRISE   616 AM CDT   SUNSET   729 PM CDT
APRIL 12 2018.........SUNRISE   615 AM CDT   SUNSET   731 PM CDT


-  INDICATES NEGATIVE NUMBERS.
R  INDICATES RECORD WAS SET OR TIED.
MM INDICATES DATA IS MISSING.
T  INDICATES TRACE AMOUNT.




$$
