000
CDUS43 KMKX 080659
CLIMKE


CLIMATE REPORT
NATIONAL WEATHER SERVICE IN MILWAUKEE
158 AM CDT SUN APR 8 2018


...................................

...THE MILWAUKEE WI CLIMATE SUMMARY FOR APRIL 7 2018...

CLIMATE NORMAL PERIOD 1981 TO 2010
CLIMATE RECORD PERIOD 1871 TO 2018


WEATHER ITEM   OBSERVED TIME   RECORD YEAR NORMAL DEPARTURE LAST
                VALUE   (LST)  VALUE       VALUE  FROM      YEAR
                                                  NORMAL
..................................................................
TEMPERATURE (F)
 YESTERDAY
  MAXIMUM         36    528 PM  83    1871  51    -15       52
  MINIMUM         19    612 AM  12    1982  35    -16       36
  AVERAGE         28                        42    -14       44

PRECIPITATION (IN)
  YESTERDAY        0.00          1.91 1893   0.11  -0.11     0.00
  MONTH TO DATE    0.39                      0.79  -0.40     1.42
  SINCE MAR 1      1.05                      3.06  -2.01     5.14
  SINCE JAN 1      5.87                      6.47  -0.60     9.15

SNOWFALL (IN)
  YESTERDAY        0.0           6.6  2000   0.1   -0.1      0.0
  MONTH TO DATE    1.7                       0.8    0.9      0.0
  SINCE MAR 1      5.7                       7.8   -2.1     13.6
  SINCE JUL 1     38.4                      45.6   -7.2     37.6
  SNOW DEPTH       0

DEGREE DAYS
 HEATING
  YESTERDAY       37                        23     14       21
  MONTH TO DATE  239                       166     73      133
  SINCE MAR 1   1163                      1095     68     1020
  SINCE JUL 1   5775                      6075   -300     5019

 COOLING
  YESTERDAY        0                         0      0        0
  MONTH TO DATE    0                         0      0        0
  SINCE MAR 1      0                         0      0        0
  SINCE JAN 1      0                         0      0        0
..................................................................


WIND (MPH)
  HIGHEST WIND SPEED    17   HIGHEST WIND DIRECTION     W (280)
  HIGHEST GUST SPEED    26   HIGHEST GUST DIRECTION     W (290)
  AVERAGE WIND SPEED     9.5


SKY COVER
  POSSIBLE SUNSHINE  MM
  AVERAGE SKY COVER 0.1


WEATHER CONDITIONS
 THE FOLLOWING WEATHER WAS RECORDED YESTERDAY.
  NO SIGNIFICANT WEATHER WAS OBSERVED.


RELATIVE HUMIDITY (PERCENT)
 HIGHEST    52           700 AM
 LOWEST     32           400 PM
 AVERAGE    42

..........................................................


THE MILWAUKEE WI CLIMATE NORMALS FOR TODAY
                         NORMAL    RECORD    YEAR
 MAXIMUM TEMPERATURE (F)   51        77      1871
 MINIMUM TEMPERATURE (F)   35        16      1914


SUNRISE AND SUNSET
APRIL  8 2018.........SUNRISE   622 AM CDT   SUNSET   726 PM CDT
APRIL  9 2018.........SUNRISE   620 AM CDT   SUNSET   727 PM CDT


-  INDICATES NEGATIVE NUMBERS.
R  INDICATES RECORD WAS SET OR TIED.
MM INDICATES DATA IS MISSING.
T  INDICATES TRACE AMOUNT.




$$
