000
CDUS43 KMKX 190642
CLIMKE


CLIMATE REPORT
NATIONAL WEATHER SERVICE IN MILWAUKEE
141 AM CDT SAT MAY 19 2018


...................................

...THE MILWAUKEE WI CLIMATE SUMMARY FOR MAY 18 2018...

CLIMATE NORMAL PERIOD 1981 TO 2010
CLIMATE RECORD PERIOD 1871 TO 2018


WEATHER ITEM   OBSERVED TIME   RECORD YEAR NORMAL DEPARTURE LAST
                VALUE   (LST)  VALUE       VALUE  FROM      YEAR
                                                  NORMAL
..................................................................
TEMPERATURE (F)
 YESTERDAY
  MAXIMUM         59   1245 PM  90    1996  66     -7       75
  MINIMUM         46    455 AM  33    2002  47     -1       44
  AVERAGE         53                        56     -3       60

PRECIPITATION (IN)
  YESTERDAY        0.11          1.53 2000   0.11   0.00      T
  MONTH TO DATE    5.43                      1.89   3.54     1.07
  SINCE MAR 1      9.20                      7.72   1.48    11.02
  SINCE JAN 1     14.02                     11.13   2.89    15.03

SNOWFALL (IN)
  YESTERDAY        0.0           0.0    MM   0.0    0.0      0.0
  MONTH TO DATE    0.0                       0.1   -0.1      0.0
  SINCE MAR 1     14.0                       9.1    4.9     13.6
  SINCE JUL 1     46.7                      46.9   -0.2     37.6
  SNOW DEPTH       0

DEGREE DAYS
 HEATING
  YESTERDAY       12                        10      2        5
  MONTH TO DATE  135                       214    -79      224
  SINCE MAR 1   1835                      1731    104     1529
  SINCE JUL 1   6447                      6711   -264     5528

 COOLING
  YESTERDAY        0                         1     -1        0
  MONTH TO DATE   24                         8     16       15
  SINCE MAR 1     24                        13     11       18
  SINCE JAN 1     24                        13     11       18
..................................................................


WIND (MPH)
  HIGHEST WIND SPEED    23   HIGHEST WIND DIRECTION    NE (30)
  HIGHEST GUST SPEED    30   HIGHEST GUST DIRECTION    NE (30)
  AVERAGE WIND SPEED     9.1


SKY COVER
  POSSIBLE SUNSHINE  MM
  AVERAGE SKY COVER 0.7


WEATHER CONDITIONS
 THE FOLLOWING WEATHER WAS RECORDED YESTERDAY.
  LIGHT RAIN
  FOG


RELATIVE HUMIDITY (PERCENT)
 HIGHEST    96          1100 PM
 LOWEST     43           100 PM
 AVERAGE    70

..........................................................


THE MILWAUKEE WI CLIMATE NORMALS FOR TODAY
                         NORMAL    RECORD    YEAR
 MAXIMUM TEMPERATURE (F)   66        92      1975
 MINIMUM TEMPERATURE (F)   47        34      1929


SUNRISE AND SUNSET
MAY 19 2018...........SUNRISE   525 AM CDT   SUNSET   812 PM CDT
MAY 20 2018...........SUNRISE   524 AM CDT   SUNSET   813 PM CDT


-  INDICATES NEGATIVE NUMBERS.
R  INDICATES RECORD WAS SET OR TIED.
MM INDICATES DATA IS MISSING.
T  INDICATES TRACE AMOUNT.




$$
