000
CDUS43 KMKX 042240
CLIMKE


CLIMATE REPORT
NATIONAL WEATHER SERVICE IN MILWAUKEE
537 PM CDT WED APR 4 2018


...................................

...THE MILWAUKEE WI CLIMATE SUMMARY FOR APRIL 4 2018...
VALID TODAY AS OF 0500 PM LOCAL TIME.

CLIMATE NORMAL PERIOD 1981 TO 2010
CLIMATE RECORD PERIOD 1871 TO 2018


WEATHER ITEM   OBSERVED TIME   RECORD YEAR NORMAL DEPARTURE LAST
                VALUE   (LST)  VALUE       VALUE  FROM      YEAR
                                                  NORMAL
..................................................................
TEMPERATURE (F)
 TODAY
  MAXIMUM         35    356 PM  79    1997  49    -14       57
  MINIMUM         24    709 AM  14    1874  34    -10       43
  AVERAGE         30                        42    -12       50

PRECIPITATION (IN)
  TODAY            0.05          0.82 1911   0.11  -0.06     0.22
  MONTH TO DATE    0.39                      0.45  -0.06     0.98
  SINCE MAR 1      1.05                      2.72  -1.67     4.70
  SINCE JAN 1      5.87                      6.13  -0.26     8.71

SNOWFALL (IN)
  TODAY            1.0           1.5  1936   0.1    0.9      0.0
  MONTH TO DATE    1.9                       0.5    1.4      0.0
  SINCE MAR 1      5.9                       7.5   -1.6     13.6
  SINCE JUL 1     38.6                      45.3   -6.7     37.6
  SNOW DEPTH       1

DEGREE DAYS
 HEATING
  TODAY           35                        24     11       15
  MONTH TO DATE  136                        97     41       68
  SINCE MAR 1   1060                      1026     36      955
  SINCE JUL 1   5672                      6006   -334     4954

 COOLING
  TODAY            0                         0      0        0
  MONTH TO DATE    0                         0      0        0
  SINCE MAR 1      0                         0      0        0
  SINCE JAN 1      0                         0      0        0
..................................................................


WIND (MPH)
  HIGHEST WIND SPEED    25   HIGHEST WIND DIRECTION    NW (310)
  HIGHEST GUST SPEED    39   HIGHEST GUST DIRECTION    NW (320)
  AVERAGE WIND SPEED    16.9


SKY COVER
  POSSIBLE SUNSHINE  MM
  AVERAGE SKY COVER 0.7


WEATHER CONDITIONS
 THE FOLLOWING WEATHER WAS RECORDED TODAY.
  LIGHT SNOW
  FOG
  HAZE
  BLOWING SNOW


RELATIVE HUMIDITY (PERCENT)
 HIGHEST    88           300 AM
 LOWEST     43           300 PM
 AVERAGE    66

..........................................................


THE MILWAUKEE WI CLIMATE NORMALS FOR TOMORROW
                         NORMAL    RECORD    YEAR
 MAXIMUM TEMPERATURE (F)   50        79      1929
 MINIMUM TEMPERATURE (F)   34        14      1881


SUNRISE AND SUNSET
APRIL  4 2018.........SUNRISE   628 AM CDT   SUNSET   721 PM CDT
APRIL  5 2018.........SUNRISE   627 AM CDT   SUNSET   723 PM CDT


-  INDICATES NEGATIVE NUMBERS.
R  INDICATES RECORD WAS SET OR TIED.
MM INDICATES DATA IS MISSING.
T  INDICATES TRACE AMOUNT.




$$
