000
CDUS43 KMKX 030702
CLIMKE


CLIMATE REPORT
NATIONAL WEATHER SERVICE IN MILWAUKEE
201 AM CDT TUE APR 3 2018


...................................

...THE MILWAUKEE WI CLIMATE SUMMARY FOR APRIL 2 2018...

CLIMATE NORMAL PERIOD 1981 TO 2010
CLIMATE RECORD PERIOD 1871 TO 2018


WEATHER ITEM   OBSERVED TIME   RECORD YEAR NORMAL DEPARTURE LAST
                VALUE   (LST)  VALUE       VALUE  FROM      YEAR
                                                  NORMAL
..................................................................
TEMPERATURE (F)
 YESTERDAY
  MAXIMUM         39   1247 PM  82    1963  49    -10       57
  MINIMUM         23    533 AM  13    1886  33    -10       41
  AVERAGE         31                        41    -10       49

PRECIPITATION (IN)
  YESTERDAY        0.00          2.05 1983   0.12  -0.12     0.03
  MONTH TO DATE    0.00                      0.23  -0.23     0.03
  SINCE MAR 1      0.66                      2.50  -1.84     3.75
  SINCE JAN 1      5.48                      5.91  -0.43     7.76

SNOWFALL (IN)
  YESTERDAY        0.0          10.2  1975   0.2   -0.2      0.0
  MONTH TO DATE    0.0                       0.3   -0.3      0.0
  SINCE MAR 1      4.0                       7.3   -3.3     13.6
  SINCE JUL 1     36.7                      45.1   -8.4     37.6
  SNOW DEPTH       0

DEGREE DAYS
 HEATING
  YESTERDAY       34                        24     10       16
  MONTH TO DATE   69                        49     20       34
  SINCE MAR 1    993                       978     15      921
  SINCE JUL 1   5605                      5958   -353     4920

 COOLING
  YESTERDAY        0                         0      0        0
  MONTH TO DATE    0                         0      0        0
  SINCE MAR 1      0                         0      0        0
  SINCE JAN 1      0                         0      0        0
..................................................................


WIND (MPH)
  HIGHEST WIND SPEED    21   HIGHEST WIND DIRECTION    SE (140)
  HIGHEST GUST SPEED    26   HIGHEST GUST DIRECTION     E (110)
  AVERAGE WIND SPEED     8.3


SKY COVER
  POSSIBLE SUNSHINE  MM
  AVERAGE SKY COVER 0.6


WEATHER CONDITIONS
 THE FOLLOWING WEATHER WAS RECORDED YESTERDAY.
  NO SIGNIFICANT WEATHER WAS OBSERVED.


RELATIVE HUMIDITY (PERCENT)
 HIGHEST    75           900 PM
 LOWEST     41           900 AM
 AVERAGE    58

..........................................................


THE MILWAUKEE WI CLIMATE NORMALS FOR TODAY
                         NORMAL    RECORD    YEAR
 MAXIMUM TEMPERATURE (F)   49        79      1956
 MINIMUM TEMPERATURE (F)   33        12      1886


SUNRISE AND SUNSET
APRIL  3 2018.........SUNRISE   630 AM CDT   SUNSET   720 PM CDT
APRIL  4 2018.........SUNRISE   628 AM CDT   SUNSET   721 PM CDT


-  INDICATES NEGATIVE NUMBERS.
R  INDICATES RECORD WAS SET OR TIED.
MM INDICATES DATA IS MISSING.
T  INDICATES TRACE AMOUNT.




$$
