000
CDUS43 KMKX 180700
CLIMSN


CLIMATE REPORT
NATIONAL WEATHER SERVICE IN MILWAUKEE
200 AM CDT FRI MAY 18 2018


...................................

...THE MADISON WI CLIMATE SUMMARY FOR MAY 17 2018...

CLIMATE NORMAL PERIOD 1981 TO 2010
CLIMATE RECORD PERIOD 1871 TO 2018


WEATHER ITEM   OBSERVED TIME   RECORD YEAR NORMAL DEPARTURE LAST
                VALUE   (LST)  VALUE       VALUE  FROM      YEAR
                                                  NORMAL
..................................................................
TEMPERATURE (F)
 YESTERDAY
  MAXIMUM         76    315 PM  86    2001  69      7       82
                                      1987
                                      1971
  MINIMUM         52   1159 PM  32    2002  46      6       60
  AVERAGE         64                        58      6       71

PRECIPITATION (IN)
  YESTERDAY        0.00          2.58 2000   0.11  -0.11     0.43
  MONTH TO DATE    7.53                      1.85   5.68     1.52
  SINCE MAR 1     10.41                      7.45   2.96     9.65
  SINCE JAN 1     14.59                     10.13   4.46    14.35

SNOWFALL (IN)
  YESTERDAY        0.0           0.0    MM   0.0    0.0      0.0
  MONTH TO DATE    0.0                       0.2   -0.2      0.0
  SINCE MAR 1     16.9                       9.8    7.1      8.3
  SINCE JUL 1     44.4                      50.9   -6.5     44.0
  SNOW DEPTH       0

DEGREE DAYS
 HEATING
  YESTERDAY        1                         8     -7        0
  MONTH TO DATE   78                       176    -98      175
  SINCE MAR 1   1888                      1697    191     1567
  SINCE JUL 1   7163                      7183    -20     6079

 COOLING
  YESTERDAY        0                         1     -1        6
  MONTH TO DATE    9                         7      2       15
  SINCE MAR 1      9                        11     -2       15
  SINCE JAN 1      9                        11     -2       15
..................................................................


WIND (MPH)
  HIGHEST WIND SPEED    16   HIGHEST WIND DIRECTION    NE (60)
  HIGHEST GUST SPEED    21   HIGHEST GUST DIRECTION     E (80)
  AVERAGE WIND SPEED     8.4


SKY COVER
  POSSIBLE SUNSHINE  MM
  AVERAGE SKY COVER 0.5


WEATHER CONDITIONS
 THE FOLLOWING WEATHER WAS RECORDED YESTERDAY.
  FOG


RELATIVE HUMIDITY (PERCENT)
 HIGHEST    93           200 AM
 LOWEST     43           200 PM
 AVERAGE    68

..........................................................


THE MADISON WI CLIMATE NORMALS FOR TODAY
                         NORMAL    RECORD    YEAR
 MAXIMUM TEMPERATURE (F)   69        91      1934
 MINIMUM TEMPERATURE (F)   47        28      2002


SUNRISE AND SUNSET
MAY 18 2018...........SUNRISE   531 AM CDT   SUNSET   817 PM CDT
MAY 19 2018...........SUNRISE   530 AM CDT   SUNSET   818 PM CDT


-  INDICATES NEGATIVE NUMBERS.
R  INDICATES RECORD WAS SET OR TIED.
MM INDICATES DATA IS MISSING.
T  INDICATES TRACE AMOUNT.




$$
