000
CDUS43 KMKX 082128
CLIMSN


CLIMATE REPORT
NATIONAL WEATHER SERVICE IN MILWAUKEE
426 PM CDT TUE MAY 8 2018


...................................

...THE MADISON WI CLIMATE SUMMARY FOR MAY 8 2018...
VALID TODAY AS OF 0400 PM LOCAL TIME.

CLIMATE NORMAL PERIOD 1981 TO 2010
CLIMATE RECORD PERIOD 1871 TO 2018


WEATHER ITEM   OBSERVED TIME   RECORD YEAR NORMAL DEPARTURE LAST
                VALUE   (LST)  VALUE       VALUE  FROM      YEAR
                                                  NORMAL
..................................................................
TEMPERATURE (F)
 TODAY
  MAXIMUM         81    223 PM  85    1993  66     15       62
                                      1979
                                      1953
  MINIMUM         51    431 AM  26    1966  44      7       33
  AVERAGE         66                        55     11       48

PRECIPITATION (IN)
  TODAY            0.00          1.61 1927   0.11  -0.11     0.02
  MONTH TO DATE    3.44                      0.87   2.57     0.60
  SINCE MAR 1      6.32                      6.47  -0.15     8.73
  SINCE JAN 1     10.50                      9.15   1.35    13.43

SNOWFALL (IN)
  TODAY            0.0           0.4  1923   0.0    0.0      0.0
  MONTH TO DATE    0.0                       0.1   -0.1      0.0
  SINCE MAR 1     16.9                       9.7    7.2      8.3
  SINCE JUL 1     44.4                      50.8   -6.4     44.0
  SNOW DEPTH       0

DEGREE DAYS
 HEATING
  TODAY            0                        11    -11       17
  MONTH TO DATE   13                        93    -80      134
  SINCE MAR 1   1823                      1614    209     1526
  SINCE JUL 1   7098                      7100     -2     6038

 COOLING
  TODAY            1                         0      1        0
  MONTH TO DATE    9                         0      9        0
  SINCE MAR 1      9                         4      5        0
  SINCE JAN 1      9                         4      5        0
..................................................................


WIND (MPH)
  HIGHEST WIND SPEED    21   HIGHEST WIND DIRECTION     S (170)
  HIGHEST GUST SPEED    27   HIGHEST GUST DIRECTION     S (170)
  AVERAGE WIND SPEED     6.0


SKY COVER
  POSSIBLE SUNSHINE  MM
  AVERAGE SKY COVER 0.4


WEATHER CONDITIONS
 THE FOLLOWING WEATHER WAS RECORDED TODAY.
  NO SIGNIFICANT WEATHER WAS OBSERVED.


RELATIVE HUMIDITY (PERCENT)
 HIGHEST    71           500 AM
 LOWEST     28           200 PM
 AVERAGE    50

..........................................................


THE MADISON WI CLIMATE NORMALS FOR TOMORROW
                         NORMAL    RECORD    YEAR
 MAXIMUM TEMPERATURE (F)   66        92      1934
 MINIMUM TEMPERATURE (F)   44        20      1966


SUNRISE AND SUNSET
MAY  8 2018...........SUNRISE   542 AM CDT   SUNSET   807 PM CDT
MAY  9 2018...........SUNRISE   540 AM CDT   SUNSET   808 PM CDT


-  INDICATES NEGATIVE NUMBERS.
R  INDICATES RECORD WAS SET OR TIED.
MM INDICATES DATA IS MISSING.
T  INDICATES TRACE AMOUNT.




$$
