000
CDUS43 KMKX 130648
CLIMSN


CLIMATE REPORT
NATIONAL WEATHER SERVICE IN MILWAUKEE
144 AM CDT FRI APR 13 2018


...................................

...THE MADISON WI CLIMATE SUMMARY FOR APRIL 12 2018...

CLIMATE NORMAL PERIOD 1981 TO 2010
CLIMATE RECORD PERIOD 1871 TO 2018


WEATHER ITEM   OBSERVED TIME   RECORD YEAR NORMAL DEPARTURE LAST
                VALUE   (LST)  VALUE       VALUE  FROM      YEAR
                                                  NORMAL
..................................................................
TEMPERATURE (F)
 YESTERDAY
  MAXIMUM         57    124 PM  86    1887  56      1       60
  MINIMUM         35    555 AM  17    1939  35      0       30
  AVERAGE         46                        45      1       45

PRECIPITATION (IN)
  YESTERDAY        T             1.41 1991   0.12  -0.12     0.01
  MONTH TO DATE    0.37                      1.31  -0.94     0.90
  SINCE MAR 1      1.11                      3.51  -2.40     3.73
  SINCE JAN 1      5.29                      6.19  -0.90     8.43

SNOWFALL (IN)
  YESTERDAY        0.0           2.6  1997   0.1   -0.1      0.0
  MONTH TO DATE    3.6                       1.5    2.1       T
  SINCE MAR 1      7.0                       8.5   -1.5      8.3
  SINCE JUL 1     34.5                      49.6  -15.1     44.0
  SNOW DEPTH       0

DEGREE DAYS
 HEATING
  YESTERDAY       19                        20     -1       20
  MONTH TO DATE  406                       266    140      202
  SINCE MAR 1   1399                      1229    170     1151
  SINCE JUL 1   6674                      6715    -41     5663

 COOLING
  YESTERDAY        0                         0      0        0
  MONTH TO DATE    0                         0      0        0
  SINCE MAR 1      0                         0      0        0
  SINCE JAN 1      0                         0      0        0
..................................................................


WIND (MPH)
  HIGHEST WIND SPEED    16   HIGHEST WIND DIRECTION     E (80)
  HIGHEST GUST SPEED    23   HIGHEST GUST DIRECTION    NE (50)
  AVERAGE WIND SPEED     8.0


SKY COVER
  POSSIBLE SUNSHINE  MM
  AVERAGE SKY COVER 0.7


WEATHER CONDITIONS
 THE FOLLOWING WEATHER WAS RECORDED YESTERDAY.
  FOG
  FOG W/VISIBILITY <= 1/4 MILE
  HAZE


RELATIVE HUMIDITY (PERCENT)
 HIGHEST   100           300 AM
 LOWEST     62          1200 PM
 AVERAGE    81

..........................................................


THE MADISON WI CLIMATE NORMALS FOR TODAY
                         NORMAL    RECORD    YEAR
 MAXIMUM TEMPERATURE (F)   56        78      1938
                                             1931
                                             1870
 MINIMUM TEMPERATURE (F)   35        15      1997


SUNRISE AND SUNSET
APRIL 13 2018.........SUNRISE   619 AM CDT   SUNSET   738 PM CDT
APRIL 14 2018.........SUNRISE   617 AM CDT   SUNSET   739 PM CDT


-  INDICATES NEGATIVE NUMBERS.
R  INDICATES RECORD WAS SET OR TIED.
MM INDICATES DATA IS MISSING.
T  INDICATES TRACE AMOUNT.




$$
