000
CDUS43 KMKX 162125
CLIMSN


CLIMATE REPORT
NATIONAL WEATHER SERVICE IN MILWAUKEE
424 PM CDT WED MAY 16 2018


...................................

...THE MADISON WI CLIMATE SUMMARY FOR MAY 16 2018...
VALID TODAY AS OF 0400 PM LOCAL TIME.

CLIMATE NORMAL PERIOD 1981 TO 2010
CLIMATE RECORD PERIOD 1871 TO 2018


WEATHER ITEM   OBSERVED TIME   RECORD YEAR NORMAL DEPARTURE LAST
                VALUE   (LST)  VALUE       VALUE  FROM      YEAR
                                                  NORMAL
..................................................................
TEMPERATURE (F)
 TODAY
  MAXIMUM         82    238 PM  87    1992  68     14       85
                                      1977
                                      1951
  MINIMUM         47    443 AM  27    1997  46      1       59
  AVERAGE         65                        57      8       72

PRECIPITATION (IN)
  TODAY            0.00          1.64 1999   0.11  -0.11     0.00
  MONTH TO DATE    7.53                      1.74   5.79     1.09
  SINCE MAR 1     10.41                      7.34   3.07     9.22
  SINCE JAN 1     14.59                     10.02   4.57    13.92

SNOWFALL (IN)
  TODAY            0.0           T    1940   0.0    0.0      0.0
  MONTH TO DATE    0.0                       0.2   -0.2      0.0
  SINCE MAR 1     16.9                       9.8    7.1      8.3
  SINCE JUL 1     44.4                      50.9   -6.5     44.0
  SNOW DEPTH       0

DEGREE DAYS
 HEATING
  TODAY            0                         8     -8        0
  MONTH TO DATE   77                       168    -91      175
  SINCE MAR 1   1887                      1689    198     1567
  SINCE JUL 1   7162                      7175    -13     6079

 COOLING
  TODAY            0                         1     -1        7
  MONTH TO DATE    9                         6      3        9
  SINCE MAR 1      9                        10     -1        9
  SINCE JAN 1      9                        10     -1        9
..................................................................


WIND (MPH)
  HIGHEST WIND SPEED     9   HIGHEST WIND DIRECTION     W (270)
  HIGHEST GUST SPEED    15   HIGHEST GUST DIRECTION     S (200)
  AVERAGE WIND SPEED     2.5


SKY COVER
  POSSIBLE SUNSHINE  MM
  AVERAGE SKY COVER 0.1


WEATHER CONDITIONS
 THE FOLLOWING WEATHER WAS RECORDED TODAY.
  NO SIGNIFICANT WEATHER WAS OBSERVED.


RELATIVE HUMIDITY (PERCENT)
 HIGHEST    93           300 AM
 LOWEST     35           200 PM
 AVERAGE    64

..........................................................


THE MADISON WI CLIMATE NORMALS FOR TOMORROW
                         NORMAL    RECORD    YEAR
 MAXIMUM TEMPERATURE (F)   69        86      2001
                                             1987
                                             1971
 MINIMUM TEMPERATURE (F)   46        32      2002


SUNRISE AND SUNSET
MAY 16 2018...........SUNRISE   533 AM CDT   SUNSET   815 PM CDT
MAY 17 2018...........SUNRISE   532 AM CDT   SUNSET   816 PM CDT


-  INDICATES NEGATIVE NUMBERS.
R  INDICATES RECORD WAS SET OR TIED.
MM INDICATES DATA IS MISSING.
T  INDICATES TRACE AMOUNT.




$$
