927
CDUS43 KMKX 140646
CLIMSN


CLIMATE REPORT
NATIONAL WEATHER SERVICE IN MILWAUKEE
143 AM CDT SAT APR 14 2018


...................................

...THE MADISON WI CLIMATE SUMMARY FOR APRIL 13 2018...

CLIMATE NORMAL PERIOD 1981 TO 2010
CLIMATE RECORD PERIOD 1871 TO 2018


WEATHER ITEM   OBSERVED TIME   RECORD YEAR NORMAL DEPARTURE LAST
                VALUE   (LST)  VALUE       VALUE  FROM      YEAR
                                                  NORMAL
..................................................................
TEMPERATURE (F)
 YESTERDAY
  MAXIMUM         40    158 AM  78    1938  56    -16       58
                                      1931
                                      1870
  MINIMUM         34   1159 PM  15    1997  35     -1       39
  AVERAGE         37                        46     -9       49

PRECIPITATION (IN)
  YESTERDAY        0.22          2.63 2014   0.12   0.10     0.38
  MONTH TO DATE    0.59                      1.43  -0.84     1.28
  SINCE MAR 1      1.33                      3.63  -2.30     4.11
  SINCE JAN 1      5.51                      6.31  -0.80     8.81

SNOWFALL (IN)
  YESTERDAY        0.0           3.2  1933   0.1   -0.1      0.0
  MONTH TO DATE    3.6                       1.6    2.0       T
  SINCE MAR 1      7.0                       8.6   -1.6      8.3
  SINCE JUL 1     34.5                      49.7  -15.2     44.0
  SNOW DEPTH       0

DEGREE DAYS
 HEATING
  YESTERDAY       28                        19      9       16
  MONTH TO DATE  434                       285    149      218
  SINCE MAR 1   1427                      1248    179     1167
  SINCE JUL 1   6702                      6734    -32     5679

 COOLING
  YESTERDAY        0                         0      0        0
  MONTH TO DATE    0                         0      0        0
  SINCE MAR 1      0                         0      0        0
  SINCE JAN 1      0                         0      0        0
..................................................................


WIND (MPH)
  HIGHEST WIND SPEED    29   HIGHEST WIND DIRECTION    NE (40)
  HIGHEST GUST SPEED    41   HIGHEST GUST DIRECTION     E (70)
  AVERAGE WIND SPEED    16.9


SKY COVER
  POSSIBLE SUNSHINE  MM
  AVERAGE SKY COVER 1.0


WEATHER CONDITIONS
 THE FOLLOWING WEATHER WAS RECORDED YESTERDAY.
  RAIN
  LIGHT RAIN
  LIGHT SNOW
  FOG


RELATIVE HUMIDITY (PERCENT)
 HIGHEST   100          1200 PM
 LOWEST     79           300 AM
 AVERAGE    90

..........................................................


THE MADISON WI CLIMATE NORMALS FOR TODAY
                         NORMAL    RECORD    YEAR
 MAXIMUM TEMPERATURE (F)   57        84      2006
                                             2003
 MINIMUM TEMPERATURE (F)   35        22      1957
                                             1950
                                             1928


SUNRISE AND SUNSET
APRIL 14 2018.........SUNRISE   617 AM CDT   SUNSET   739 PM CDT
APRIL 15 2018.........SUNRISE   615 AM CDT   SUNSET   740 PM CDT


-  INDICATES NEGATIVE NUMBERS.
R  INDICATES RECORD WAS SET OR TIED.
MM INDICATES DATA IS MISSING.
T  INDICATES TRACE AMOUNT.




$$
