384
CDUS43 KMKX 162137
CLIMSN


CLIMATE REPORT
NATIONAL WEATHER SERVICE IN MILWAUKEE
432 PM CDT MON APR 16 2018


...................................

...THE MADISON WI CLIMATE SUMMARY FOR APRIL 16 2018...
VALID TODAY AS OF 0400 PM LOCAL TIME.

CLIMATE NORMAL PERIOD 1981 TO 2010
CLIMATE RECORD PERIOD 1871 TO 2018


WEATHER ITEM   OBSERVED TIME   RECORD YEAR NORMAL DEPARTURE LAST
                VALUE   (LST)  VALUE       VALUE  FROM      YEAR
                                                  NORMAL
..................................................................
TEMPERATURE (F)
 TODAY
  MAXIMUM         32    259 PM  86    2002  58    -26       69
  MINIMUM         24    616 AM  12    1875  36    -12       49
  AVERAGE         28                        47    -19       59

PRECIPITATION (IN)
  TODAY            0.01          1.10 1880   0.12  -0.11     0.04
  MONTH TO DATE    1.35                      1.78  -0.43     2.56
  SINCE MAR 1      2.09                      3.98  -1.89     5.39
  SINCE JAN 1      6.27                      6.66  -0.39    10.09

SNOWFALL (IN)
  TODAY            0.3          10.2  1921   0.0    0.3      0.0
  MONTH TO DATE    6.3                       1.8    4.5       T
  SINCE MAR 1      9.7                       8.8    0.9      8.3
  SINCE JUL 1     37.2                      49.9  -12.7     44.0
  SNOW DEPTH       2

DEGREE DAYS
 HEATING
  TODAY           37                        18     19        6
  MONTH TO DATE  543                       341    202      235
  SINCE MAR 1   1536                      1304    232     1184
  SINCE JUL 1   6811                      6790     21     5696

 COOLING
  TODAY            0                         0      0        0
  MONTH TO DATE    0                         0      0        0
  SINCE MAR 1      0                         0      0        0
  SINCE JAN 1      0                         0      0        0
..................................................................


WIND (MPH)
  HIGHEST WIND SPEED    18   HIGHEST WIND DIRECTION    NW (310)
  HIGHEST GUST SPEED    28   HIGHEST GUST DIRECTION    NW (300)
  AVERAGE WIND SPEED    10.8


SKY COVER
  POSSIBLE SUNSHINE  MM
  AVERAGE SKY COVER 1.0


WEATHER CONDITIONS
 THE FOLLOWING WEATHER WAS RECORDED TODAY.
  LIGHT SNOW
  FOG


RELATIVE HUMIDITY (PERCENT)
 HIGHEST    88          1200 AM
 LOWEST     63           200 PM
 AVERAGE    76

..........................................................


THE MADISON WI CLIMATE NORMALS FOR TOMORROW
                         NORMAL    RECORD    YEAR
 MAXIMUM TEMPERATURE (F)   58        86      1977
 MINIMUM TEMPERATURE (F)   36        11      1875


SUNRISE AND SUNSET
APRIL 16 2018.........SUNRISE   614 AM CDT   SUNSET   741 PM CDT
APRIL 17 2018.........SUNRISE   612 AM CDT   SUNSET   742 PM CDT


-  INDICATES NEGATIVE NUMBERS.
R  INDICATES RECORD WAS SET OR TIED.
MM INDICATES DATA IS MISSING.
T  INDICATES TRACE AMOUNT.




$$
