000
CDUS43 KMKX 102128
CLIMSN


CLIMATE REPORT
NATIONAL WEATHER SERVICE IN MILWAUKEE
428 PM CDT TUE APR 10 2018


...................................

...THE MADISON WI CLIMATE SUMMARY FOR APRIL 10 2018...
VALID TODAY AS OF 0400 PM LOCAL TIME.

CLIMATE NORMAL PERIOD 1981 TO 2010
CLIMATE RECORD PERIOD 1871 TO 2018


WEATHER ITEM   OBSERVED TIME   RECORD YEAR NORMAL DEPARTURE LAST
                VALUE   (LST)  VALUE       VALUE  FROM      YEAR
                                                  NORMAL
..................................................................
TEMPERATURE (F)
 TODAY
  MAXIMUM         40    256 PM  89    1930  55    -15       72
  MINIMUM         25    552 AM  18    1960  34     -9       40
  AVERAGE         33                        44    -11       56

PRECIPITATION (IN)
  TODAY            0.00          2.34 1879   0.11  -0.11     0.01
  MONTH TO DATE    0.31                      1.07  -0.76     0.88
  SINCE MAR 1      1.05                      3.27  -2.22     3.71
  SINCE JAN 1      5.23                      5.95  -0.72     8.41

SNOWFALL (IN)
  TODAY            0.0           0.8  1973   0.1   -0.1      0.0
  MONTH TO DATE    3.6                       1.3    2.3       T
  SINCE MAR 1      7.0                       8.3   -1.3      8.3
  SINCE JUL 1     34.5                      49.4  -14.9     44.0
  SNOW DEPTH       0

DEGREE DAYS
 HEATING
  TODAY           32                        21     11        9
  MONTH TO DATE  370                       226    144      158
  SINCE MAR 1   1363                      1189    174     1107
  SINCE JUL 1   6638                      6675    -37     5619

 COOLING
  TODAY            0                         0      0        0
  MONTH TO DATE    0                         0      0        0
  SINCE MAR 1      0                         0      0        0
  SINCE JAN 1      0                         0      0        0
..................................................................


WIND (MPH)
  HIGHEST WIND SPEED    13   HIGHEST WIND DIRECTION    SW (240)
  HIGHEST GUST SPEED    22   HIGHEST GUST DIRECTION    SW (230)
  AVERAGE WIND SPEED     6.3


SKY COVER
  POSSIBLE SUNSHINE  MM
  AVERAGE SKY COVER 0.4


WEATHER CONDITIONS
 THE FOLLOWING WEATHER WAS RECORDED TODAY.
  NO SIGNIFICANT WEATHER WAS OBSERVED.


RELATIVE HUMIDITY (PERCENT)
 HIGHEST    75           200 AM
 LOWEST     44          1100 AM
 AVERAGE    60

..........................................................


THE MADISON WI CLIMATE NORMALS FOR TOMORROW
                         NORMAL    RECORD    YEAR
 MAXIMUM TEMPERATURE (F)   55        84      1977
 MINIMUM TEMPERATURE (F)   34        12      1973


SUNRISE AND SUNSET
APRIL 10 2018.........SUNRISE   624 AM CDT   SUNSET   734 PM CDT
APRIL 11 2018.........SUNRISE   622 AM CDT   SUNSET   735 PM CDT


-  INDICATES NEGATIVE NUMBERS.
R  INDICATES RECORD WAS SET OR TIED.
MM INDICATES DATA IS MISSING.
T  INDICATES TRACE AMOUNT.




$$
