000
CDUS43 KMKX 022122
CLIMSN


CLIMATE REPORT
NATIONAL WEATHER SERVICE IN MILWAUKEE
422 PM CDT MON APR 2 2018


...................................

...THE MADISON WI CLIMATE SUMMARY FOR APRIL 2 2018...
VALID TODAY AS OF 0400 PM LOCAL TIME.

CLIMATE NORMAL PERIOD 1981 TO 2010
CLIMATE RECORD PERIOD 1871 TO 2018


WEATHER ITEM   OBSERVED TIME   RECORD YEAR NORMAL DEPARTURE LAST
                VALUE   (LST)  VALUE       VALUE  FROM      YEAR
                                                  NORMAL
..................................................................
TEMPERATURE (F)
 TODAY
  MAXIMUM         39    245 PM  81    1981  51    -12       53
  MINIMUM         16    552 AM  10    1886  31    -15       36
  AVERAGE         28                        41    -13       45

PRECIPITATION (IN)
  TODAY            0.00          0.90 1983   0.11  -0.11     0.04
  MONTH TO DATE    0.00                      0.21  -0.21     0.04
  SINCE MAR 1      0.74                      2.41  -1.67     2.87
  SINCE JAN 1      4.92                      5.09  -0.17     7.57

SNOWFALL (IN)
  TODAY            0.0           4.9  1975   0.1   -0.1      0.0
  MONTH TO DATE    0.0                       0.3   -0.3      0.0
  SINCE MAR 1      3.4                       7.3   -3.9      8.3
  SINCE JUL 1     30.9                      48.4  -17.5     44.0
  SNOW DEPTH       0

DEGREE DAYS
 HEATING
  TODAY           37                        24     13       20
  MONTH TO DATE   76                        48     28       41
  SINCE MAR 1   1069                      1011     58      990
  SINCE JUL 1   6344                      6497   -153     5502

 COOLING
  TODAY            0                         0      0        0
  MONTH TO DATE    0                         0      0        0
  SINCE MAR 1      0                         0      0        0
  SINCE JAN 1      0                         0      0        0
..................................................................


WIND (MPH)
  HIGHEST WIND SPEED    16   HIGHEST WIND DIRECTION    SE (140)
  HIGHEST GUST SPEED    21   HIGHEST GUST DIRECTION     S (200)
  AVERAGE WIND SPEED     4.5


SKY COVER
  POSSIBLE SUNSHINE  MM
  AVERAGE SKY COVER 0.5


WEATHER CONDITIONS
 THE FOLLOWING WEATHER WAS RECORDED TODAY.
  NO SIGNIFICANT WEATHER WAS OBSERVED.


RELATIVE HUMIDITY (PERCENT)
 HIGHEST    80           500 AM
 LOWEST     35           300 PM
 AVERAGE    58

..........................................................


THE MADISON WI CLIMATE NORMALS FOR TOMORROW
                         NORMAL    RECORD    YEAR
 MAXIMUM TEMPERATURE (F)   52        76      1956
 MINIMUM TEMPERATURE (F)   31         8      1886


SUNRISE AND SUNSET
APRIL  2 2018.........SUNRISE   638 AM CDT   SUNSET   725 PM CDT
APRIL  3 2018.........SUNRISE   636 AM CDT   SUNSET   726 PM CDT


-  INDICATES NEGATIVE NUMBERS.
R  INDICATES RECORD WAS SET OR TIED.
MM INDICATES DATA IS MISSING.
T  INDICATES TRACE AMOUNT.




$$
