000
CDUS43 KMKX 042240
CLIMSN


CLIMATE REPORT
NATIONAL WEATHER SERVICE IN MILWAUKEE
537 PM CDT WED APR 4 2018


...................................

...THE MADISON WI CLIMATE SUMMARY FOR APRIL 4 2018...
VALID TODAY AS OF 0500 PM LOCAL TIME.

CLIMATE NORMAL PERIOD 1981 TO 2010
CLIMATE RECORD PERIOD 1871 TO 2018


WEATHER ITEM   OBSERVED TIME   RECORD YEAR NORMAL DEPARTURE LAST
                VALUE   (LST)  VALUE       VALUE  FROM      YEAR
                                                  NORMAL
..................................................................
TEMPERATURE (F)
 TODAY
  MAXIMUM         32    345 PM  77    1929  52    -20       57
  MINIMUM         22    622 AM  10    1886  32    -10       40
  AVERAGE         27                        42    -15       49

PRECIPITATION (IN)
  TODAY            0.03          1.37 1892   0.10  -0.07     0.36
  MONTH TO DATE    0.30                      0.41  -0.11     0.73
  SINCE MAR 1      1.04                      2.61  -1.57     3.56
  SINCE JAN 1      5.22                      5.29  -0.07     8.26

SNOWFALL (IN)
  TODAY            0.6           2.1  1977   0.1    0.5      0.0
  MONTH TO DATE    3.0                       0.6    2.4      0.0
  SINCE MAR 1      6.4                       7.6   -1.2      8.3
  SINCE JUL 1     33.9                      48.7  -14.8     44.0
  SNOW DEPTH       3

DEGREE DAYS
 HEATING
  TODAY           38                        23     15       16
  MONTH TO DATE  150                        95     55       74
  SINCE MAR 1   1143                      1058     85     1023
  SINCE JUL 1   6418                      6544   -126     5535

 COOLING
  TODAY            0                         0      0        0
  MONTH TO DATE    0                         0      0        0
  SINCE MAR 1      0                         0      0        0
  SINCE JAN 1      0                         0      0        0
..................................................................


WIND (MPH)
  HIGHEST WIND SPEED    18   HIGHEST WIND DIRECTION    NW (320)
  HIGHEST GUST SPEED    31   HIGHEST GUST DIRECTION     N (340)
  AVERAGE WIND SPEED    11.9


SKY COVER
  POSSIBLE SUNSHINE  MM
  AVERAGE SKY COVER 0.7


WEATHER CONDITIONS
 THE FOLLOWING WEATHER WAS RECORDED TODAY.
  LIGHT SNOW
  FOG


RELATIVE HUMIDITY (PERCENT)
 HIGHEST    88          1200 AM
 LOWEST     47           200 PM
 AVERAGE    68

..........................................................


THE MADISON WI CLIMATE NORMALS FOR TOMORROW
                         NORMAL    RECORD    YEAR
 MAXIMUM TEMPERATURE (F)   53        80      1873
 MINIMUM TEMPERATURE (F)   32        14      1995
                                             1886
                                             1881


SUNRISE AND SUNSET
APRIL  4 2018.........SUNRISE   634 AM CDT   SUNSET   727 PM CDT
APRIL  5 2018.........SUNRISE   632 AM CDT   SUNSET   728 PM CDT


-  INDICATES NEGATIVE NUMBERS.
R  INDICATES RECORD WAS SET OR TIED.
MM INDICATES DATA IS MISSING.
T  INDICATES TRACE AMOUNT.




$$
