000
CDUS43 KMKX 180652
CLIMSN


CLIMATE REPORT
NATIONAL WEATHER SERVICE IN MILWAUKEE
149 AM CDT WED APR 18 2018


...................................

...THE MADISON WI CLIMATE SUMMARY FOR APRIL 17 2018...

CLIMATE NORMAL PERIOD 1981 TO 2010
CLIMATE RECORD PERIOD 1871 TO 2018


WEATHER ITEM   OBSERVED TIME   RECORD YEAR NORMAL DEPARTURE LAST
                VALUE   (LST)  VALUE       VALUE  FROM      YEAR
                                                  NORMAL
..................................................................
TEMPERATURE (F)
 YESTERDAY
  MAXIMUM         40    408 PM  86    1977  58    -18       70
  MINIMUM         26    557 AM  11    1875  36    -10       41
  AVERAGE         33                        47    -14       56

PRECIPITATION (IN)
  YESTERDAY        0.00          1.29 2013   0.12  -0.12     0.00
  MONTH TO DATE    1.35                      1.90  -0.55     2.56
  SINCE MAR 1      2.09                      4.10  -2.01     5.39
  SINCE JAN 1      6.27                      6.78  -0.51    10.09

SNOWFALL (IN)
  YESTERDAY        0.0           2.0  1940   0.1   -0.1      0.0
                                      1912
  MONTH TO DATE    6.3                       1.9    4.4       T
  SINCE MAR 1      9.7                       8.9    0.8      8.3
  SINCE JUL 1     37.2                      50.0  -12.8     44.0
  SNOW DEPTH       1

DEGREE DAYS
 HEATING
  YESTERDAY       32                        18     14        9
  MONTH TO DATE  574                       359    215      244
  SINCE MAR 1   1567                      1322    245     1193
  SINCE JUL 1   6842                      6808     34     5705

 COOLING
  YESTERDAY        0                         0      0        0
  MONTH TO DATE    0                         0      0        0
  SINCE MAR 1      0                         0      0        0
  SINCE JAN 1      0                         0      0        0
..................................................................


WIND (MPH)
  HIGHEST WIND SPEED    18   HIGHEST WIND DIRECTION    NW (330)
  HIGHEST GUST SPEED    27   HIGHEST GUST DIRECTION    NW (310)
  AVERAGE WIND SPEED     7.7


SKY COVER
  POSSIBLE SUNSHINE  MM
  AVERAGE SKY COVER 0.6


WEATHER CONDITIONS
 THE FOLLOWING WEATHER WAS RECORDED YESTERDAY.
  NO SIGNIFICANT WEATHER WAS OBSERVED.


RELATIVE HUMIDITY (PERCENT)
 HIGHEST    78          1000 PM
 LOWEST     51          1000 AM
 AVERAGE    65

..........................................................


THE MADISON WI CLIMATE NORMALS FOR TODAY
                         NORMAL    RECORD    YEAR
 MAXIMUM TEMPERATURE (F)   59        87      1977
 MINIMUM TEMPERATURE (F)   37        18      1983


SUNRISE AND SUNSET
APRIL 18 2018.........SUNRISE   610 AM CDT   SUNSET   744 PM CDT
APRIL 19 2018.........SUNRISE   609 AM CDT   SUNSET   745 PM CDT


-  INDICATES NEGATIVE NUMBERS.
R  INDICATES RECORD WAS SET OR TIED.
MM INDICATES DATA IS MISSING.
T  INDICATES TRACE AMOUNT.




$$
