000
CDUS43 KMKX 230653
CLIMSN


CLIMATE REPORT
NATIONAL WEATHER SERVICE IN MILWAUKEE
153 AM CDT MON APR 23 2018


...................................

...THE MADISON WI CLIMATE SUMMARY FOR APRIL 22 2018...

CLIMATE NORMAL PERIOD 1981 TO 2010
CLIMATE RECORD PERIOD 1871 TO 2018


WEATHER ITEM   OBSERVED TIME   RECORD YEAR NORMAL DEPARTURE LAST
                VALUE   (LST)  VALUE       VALUE  FROM      YEAR
                                                  NORMAL
..................................................................
TEMPERATURE (F)
 YESTERDAY
  MAXIMUM         63    320 PM  94    1980  60      3       64
  MINIMUM         32    230 AM  19    1986  38     -6       33
  AVERAGE         48                        49     -1       49

PRECIPITATION (IN)
  YESTERDAY        0.00          1.69 1999   0.12  -0.12     0.00
  MONTH TO DATE    2.12                      2.48  -0.36     2.98
  SINCE MAR 1      2.86                      4.68  -1.82     5.81
  SINCE JAN 1      7.04                      7.36  -0.32    10.51

SNOWFALL (IN)
  YESTERDAY        0.0           2.0  1984   0.1   -0.1      0.0
  MONTH TO DATE   13.5                       2.3   11.2       T
  SINCE MAR 1     16.9                       9.3    7.6      8.3
  SINCE JUL 1     44.4                      50.4   -6.0     44.0
  SNOW DEPTH       0

DEGREE DAYS
 HEATING
  YESTERDAY       17                        16      1       16
  MONTH TO DATE  701                       443    258      316
  SINCE MAR 1   1694                      1406    288     1265
  SINCE JUL 1   6969                      6892     77     5777

 COOLING
  YESTERDAY        0                         0      0        0
  MONTH TO DATE    0                         0      0        0
  SINCE MAR 1      0                         0      0        0
  SINCE JAN 1      0                         0      0        0
..................................................................


WIND (MPH)
  HIGHEST WIND SPEED    16   HIGHEST WIND DIRECTION     E (100)
  HIGHEST GUST SPEED    22   HIGHEST GUST DIRECTION    SE (130)
  AVERAGE WIND SPEED     5.7


SKY COVER
  POSSIBLE SUNSHINE  MM
  AVERAGE SKY COVER 0.5


WEATHER CONDITIONS
 THE FOLLOWING WEATHER WAS RECORDED YESTERDAY.
  FOG


RELATIVE HUMIDITY (PERCENT)
 HIGHEST    96           100 AM
 LOWEST     28          1000 AM
 AVERAGE    62

..........................................................


THE MADISON WI CLIMATE NORMALS FOR TODAY
                         NORMAL    RECORD    YEAR
 MAXIMUM TEMPERATURE (F)   61        83      1960
 MINIMUM TEMPERATURE (F)   39        19      1910


SUNRISE AND SUNSET
APRIL 23 2018.........SUNRISE   603 AM CDT   SUNSET   749 PM CDT
APRIL 24 2018.........SUNRISE   601 AM CDT   SUNSET   751 PM CDT


-  INDICATES NEGATIVE NUMBERS.
R  INDICATES RECORD WAS SET OR TIED.
MM INDICATES DATA IS MISSING.
T  INDICATES TRACE AMOUNT.




$$
